Last updated on 2024-04-16 22:55:32 CEST.
Flavor | Version | Tinstall | Tcheck | Ttotal | Status | Flags |
---|---|---|---|---|---|---|
r-devel-linux-x86_64-debian-clang | 0.8.8.1 | 57.79 | 207.58 | 265.37 | OK | |
r-devel-linux-x86_64-debian-gcc | 0.8.8.1 | 47.70 | 216.14 | 263.84 | OK | |
r-devel-linux-x86_64-fedora-clang | 0.8.8.1 | 440.93 | OK | |||
r-devel-linux-x86_64-fedora-gcc | 0.8.8.1 | 487.15 | OK | |||
r-prerel-macos-arm64 | 0.8.8.1 | 143.00 | NOTE | |||
r-prerel-macos-x86_64 | 0.8.8.1 | 236.00 | NOTE | |||
r-prerel-windows-x86_64 | 0.8.8.1 | 46.00 | 232.00 | 278.00 | OK | |
r-patched-linux-x86_64 | 0.8.8.1 | 66.08 | 279.30 | 345.38 | OK | |
r-release-linux-x86_64 | 0.8.8.1 | 50.22 | 288.98 | 339.20 | OK | |
r-release-macos-arm64 | 0.8.8.1 | 154.00 | NOTE | |||
r-release-macos-x86_64 | 0.8.8.1 | 238.00 | NOTE | |||
r-release-windows-x86_64 | 0.8.8.1 | 61.00 | 306.00 | 367.00 | OK | |
r-oldrel-macos-arm64 | 0.8.8.1 | 151.00 | NOTE | |||
r-oldrel-windows-x86_64 | 0.8.8.1 | 58.00 | 297.00 | 355.00 | OK |
Version: 0.8.8.1
Check: installed package size
Result: NOTE
installed size is 9.9Mb
sub-directories of 1Mb or more:
doc 1.5Mb
libs 7.2Mb
Flavors: r-prerel-macos-arm64, r-prerel-macos-x86_64, r-release-macos-arm64, r-release-macos-x86_64, r-oldrel-macos-arm64