Last updated on 2022-05-19 22:54:15 CEST.
Flavor | Version | Tinstall | Tcheck | Ttotal | Status | Flags |
---|---|---|---|---|---|---|
r-devel-linux-x86_64-debian-clang | 0.8.1 | 54.56 | 274.17 | 328.73 | OK | |
r-devel-linux-x86_64-debian-gcc | 0.8.1 | 43.18 | 205.64 | 248.82 | OK | |
r-devel-linux-x86_64-fedora-clang | 0.8.1 | 404.00 | NOTE | |||
r-devel-linux-x86_64-fedora-gcc | 0.8.1 | 381.60 | NOTE | |||
r-devel-windows-x86_64 | 0.8.1 | 116.00 | 318.00 | 434.00 | OK | |
r-patched-linux-x86_64 | 0.8.1 | 60.71 | 262.35 | 323.06 | OK | |
r-release-linux-x86_64 | 0.8.1 | 48.16 | 260.53 | 308.69 | OK | |
r-release-macos-arm64 | 0.8.1 | 109.00 | NOTE | |||
r-release-macos-x86_64 | 0.8.1 | 176.00 | NOTE | |||
r-release-windows-x86_64 | 0.8.1 | 112.00 | 313.00 | 425.00 | OK | |
r-oldrel-macos-arm64 | 0.8.1 | 102.00 | NOTE | |||
r-oldrel-macos-x86_64 | 0.8.1 | 156.00 | NOTE | |||
r-oldrel-windows-ix86+x86_64 | 0.8.1 | 121.00 | 410.00 | 531.00 | OK |
Version: 0.8.1
Check: installed package size
Result: NOTE
installed size is 5.5Mb
sub-directories of 1Mb or more:
libs 3.5Mb
Flavors: r-devel-linux-x86_64-fedora-clang, r-release-macos-arm64, r-release-macos-x86_64, r-oldrel-macos-arm64, r-oldrel-macos-x86_64
Version: 0.8.1
Check: dependencies in R code
Result: NOTE
Namespace in Imports field not imported from: ‘knitr’
All declared Imports should be used.
Flavors: r-devel-linux-x86_64-fedora-clang, r-devel-linux-x86_64-fedora-gcc, r-release-macos-arm64, r-release-macos-x86_64, r-oldrel-macos-arm64, r-oldrel-macos-x86_64