Last updated on 2023-10-01 23:03:51 CEST.
Flavor | Version | Tinstall | Tcheck | Ttotal | Status | Flags |
---|---|---|---|---|---|---|
r-devel-linux-x86_64-debian-clang | 1.2.0 | 23.55 | 350.05 | 373.60 | NOTE | |
r-devel-linux-x86_64-debian-gcc | 1.2.0 | 16.02 | 246.92 | 262.94 | NOTE | |
r-devel-linux-x86_64-fedora-clang | 1.2.0 | 508.22 | NOTE | |||
r-devel-linux-x86_64-fedora-gcc | 1.2.0 | 494.12 | NOTE | |||
r-devel-windows-x86_64 | 1.2.0 | 3.00 | 5.00 | 8.00 | ERROR | |
r-patched-linux-x86_64 | 1.2.0 | 21.76 | 299.35 | 321.11 | NOTE | |
r-release-linux-x86_64 | 1.2.0 | 22.83 | 351.09 | 373.92 | NOTE | |
r-release-macos-arm64 | 1.2.0 | 134.00 | NOTE | |||
r-release-macos-x86_64 | 1.2.0 | 223.00 | NOTE | |||
r-release-windows-x86_64 | 1.2.0 | 24.00 | 320.00 | 344.00 | NOTE | |
r-oldrel-macos-arm64 | 1.2.0 | 141.00 | OK | |||
r-oldrel-macos-x86_64 | 1.2.0 | 146.00 | OK | |||
r-oldrel-windows-x86_64 | 1.2.0 | 25.00 | 317.00 | 342.00 | OK |
Version: 1.2.0
Check: C++ specification
Result: NOTE
Specified C++11: please drop specification unless essential
Flavors: r-devel-linux-x86_64-debian-clang, r-devel-linux-x86_64-debian-gcc, r-devel-linux-x86_64-fedora-clang, r-devel-linux-x86_64-fedora-gcc, r-patched-linux-x86_64, r-release-linux-x86_64, r-release-macos-arm64, r-release-macos-x86_64, r-release-windows-x86_64
Version: 1.2.0
Check: whether package can be installed
Result: ERROR
Installation failed.
Flavor: r-devel-windows-x86_64