CRAN Package Check Results for Package multicolor

Last updated on 2019-09-17 22:48:12 CEST.

Flavor Version Tinstall Tcheck Ttotal Status Flags
r-devel-linux-x86_64-debian-clang 0.1.3 2.78 53.19 55.97 OK
r-devel-linux-x86_64-debian-gcc 0.1.3 1.98 44.41 46.39 OK
r-devel-linux-x86_64-fedora-clang 0.1.3 68.89 NOTE
r-devel-linux-x86_64-fedora-gcc 0.1.3 73.29 NOTE
r-devel-windows-ix86+x86_64 0.1.3 11.00 73.00 84.00 OK
r-patched-linux-x86_64 0.1.3 2.17 56.42 58.59 OK
r-patched-solaris-x86 0.1.3 80.20 NOTE
r-release-linux-x86_64 0.1.3 2.25 55.42 57.67 OK
r-release-windows-ix86+x86_64 0.1.3 6.00 93.00 99.00 OK
r-release-osx-x86_64 0.1.3 NOTE
r-oldrel-windows-ix86+x86_64 0.1.3 6.00 97.00 103.00 OK
r-oldrel-osx-x86_64 0.1.3 NOTE

Check Details

Version: 0.1.3
Check: dependencies in R code
Result: NOTE
    Namespace in Imports field not imported from: ‘cowsay’
     All declared Imports should be used.
Flavors: r-devel-linux-x86_64-fedora-clang, r-devel-linux-x86_64-fedora-gcc, r-patched-solaris-x86, r-release-osx-x86_64, r-oldrel-osx-x86_64