CRAN Package Check Results for Package multicool

Last updated on 2023-11-27 23:11:44 CET.

Flavor Version Tinstall Tcheck Ttotal Status Flags
r-devel-linux-x86_64-debian-clang 0.1-12 30.16 32.98 63.14 NOTE
r-devel-linux-x86_64-debian-gcc 0.1-12 18.91 25.85 44.76 WARN
r-devel-linux-x86_64-fedora-clang 0.1-12 88.27 NOTE
r-devel-linux-x86_64-fedora-gcc 0.1-12 89.16 WARN
r-devel-windows-x86_64 0.1-12 24.00 72.00 96.00 NOTE
r-patched-linux-x86_64 0.1-12 28.02 33.28 61.30 NOTE
r-release-linux-x86_64 0.1-12 26.90 31.89 58.79 NOTE
r-release-macos-arm64 0.1-12 28.00 NOTE
r-release-macos-x86_64 0.1-12 45.00 NOTE
r-release-windows-x86_64 0.1-12 27.00 70.00 97.00 NOTE
r-oldrel-macos-arm64 0.1-12 26.00 OK
r-oldrel-macos-x86_64 0.1-12 39.00 OK
r-oldrel-windows-x86_64 0.1-12 31.00 72.00 103.00 OK

Additional issues

gcc12

Check Details

Version: 0.1-12
Check: C++ specification
Result: NOTE Specified C++11: please drop specification unless essential Flavors: r-devel-linux-x86_64-debian-clang, r-devel-linux-x86_64-debian-gcc, r-devel-linux-x86_64-fedora-clang, r-devel-linux-x86_64-fedora-gcc, r-devel-windows-x86_64, r-patched-linux-x86_64, r-release-linux-x86_64, r-release-macos-arm64, r-release-macos-x86_64, r-release-windows-x86_64

Version: 0.1-12
Check: Rd files
Result: NOTE checkRd: (-1) initMC.Rd:15-16: Lost braces in \itemize; \value handles \item{}{} directly checkRd: (-1) initMC.Rd:17-18: Lost braces in \itemize; \value handles \item{}{} directly checkRd: (-1) initMC.Rd:19-20: Lost braces in \itemize; \value handles \item{}{} directly checkRd: (-1) initMC.Rd:21: Lost braces in \itemize; \value handles \item{}{} directly checkRd: (-1) initMC.Rd:22-23: Lost braces in \itemize; \value handles \item{}{} directly Flavors: r-devel-linux-x86_64-debian-clang, r-devel-linux-x86_64-debian-gcc

Version: 0.1-12
Check: whether package can be installed
Result: WARN Found the following significant warnings: multicool.cpp:126:33: warning: format ‘%p’ expects argument of type ‘void*’, but argument 3 has type ‘Multicool::list_el*’ [-Wformat=] See ‘/home/hornik/tmp/R.check/r-devel-gcc/Work/PKGS/multicool.Rcheck/00install.out’ for details. * used C++ compiler: ‘g++-13 (Debian 13.2.0-5) 13.2.0’ Flavor: r-devel-linux-x86_64-debian-gcc

Version: 0.1-12
Check: whether package can be installed
Result: WARN Found the following significant warnings: multicool.cpp:126:33: warning: format '%p' expects argument of type 'void*', but argument 3 has type 'Multicool::list_el*' [-Wformat=] See ‘/data/gannet/ripley/R/packages/tests-devel/multicool.Rcheck/00install.out’ for details. * used C++ compiler: ‘g++-13 (GCC) 13.2.0’ Flavor: r-devel-linux-x86_64-fedora-gcc