CRAN Package Check Results for Package multilinguer

Last updated on 2021-08-01 22:49:54 CEST.

Flavor Version Tinstall Tcheck Ttotal Status Flags
r-devel-linux-x86_64-debian-clang 0.0.4 3.26 29.23 32.49 NOTE
r-devel-linux-x86_64-debian-gcc 0.0.4 2.64 22.94 25.58 NOTE
r-devel-linux-x86_64-fedora-clang 0.0.4 47.92 NOTE
r-devel-linux-x86_64-fedora-gcc 0.0.4 39.12 NOTE
r-devel-windows-x86_64 0.0.4 5.00 45.00 50.00 NOTE
r-devel-windows-x86_64-gcc10-UCRT 0.0.4 NOTE
r-patched-linux-x86_64 0.0.4 NOTE
r-patched-solaris-x86 0.0.4 57.50 NOTE
r-release-linux-x86_64 0.0.4 3.10 28.29 31.39 NOTE
r-release-macos-arm64 0.0.4 NOTE
r-release-macos-x86_64 0.0.4 NOTE
r-release-windows-ix86+x86_64 0.0.4 8.00 45.00 53.00 NOTE
r-oldrel-macos-x86_64 0.0.4 OK
r-oldrel-windows-ix86+x86_64 0.0.4 5.00 48.00 53.00 OK

Check Details

Version: 0.0.4
Check: LazyData
Result: NOTE
     'LazyData' is specified without a 'data' directory
Flavors: r-devel-linux-x86_64-debian-clang, r-devel-linux-x86_64-debian-gcc, r-devel-linux-x86_64-fedora-clang, r-devel-linux-x86_64-fedora-gcc, r-devel-windows-x86_64, r-devel-windows-x86_64-gcc10-UCRT, r-patched-linux-x86_64, r-patched-solaris-x86, r-release-linux-x86_64, r-release-macos-arm64, r-release-macos-x86_64, r-release-windows-ix86+x86_64