Last updated on 2023-09-26 23:04:19 CEST.
Flavor | Version | Tinstall | Tcheck | Ttotal | Status | Flags |
---|---|---|---|---|---|---|
r-devel-linux-x86_64-debian-clang | 0.5.1 | 9.00 | 54.89 | 63.89 | OK | |
r-devel-linux-x86_64-debian-gcc | 0.5.1 | 6.18 | 42.08 | 48.26 | OK | |
r-devel-linux-x86_64-fedora-clang | 0.5.1 | 81.59 | NOTE | |||
r-devel-linux-x86_64-fedora-gcc | 0.5.1 | 90.37 | NOTE | |||
r-devel-windows-x86_64 | 0.5.1 | 9.00 | 62.00 | 71.00 | OK | |
r-patched-linux-x86_64 | 0.5.1 | 6.70 | 53.88 | 60.58 | OK | |
r-release-linux-x86_64 | 0.5.1 | 6.22 | 53.35 | 59.57 | OK | |
r-release-macos-arm64 | 0.5.1 | 35.00 | OK | |||
r-release-macos-x86_64 | 0.5.1 | 51.00 | OK | |||
r-release-windows-x86_64 | 0.5.1 | 12.00 | 68.00 | 80.00 | OK | |
r-oldrel-macos-arm64 | 0.5.1 | 30.00 | OK | |||
r-oldrel-macos-x86_64 | 0.5.1 | 46.00 | OK | |||
r-oldrel-windows-x86_64 | 0.5.1 | 11.00 | 74.00 | 85.00 | OK |
Version: 0.5.1
Check: data for non-ASCII characters
Result: NOTE
Note: found 15 marked UTF-8 strings
Flavors: r-devel-linux-x86_64-fedora-clang, r-devel-linux-x86_64-fedora-gcc