CRAN Package Check Results for Package multinma

Last updated on 2022-09-26 23:10:38 CEST.

Flavor Version Tinstall Tcheck Ttotal Status Flags
r-devel-linux-x86_64-debian-clang 0.5.0 1017.75 410.27 1428.02 NOTE
r-devel-linux-x86_64-debian-gcc 0.5.0 783.30 329.62 1112.92 NOTE
r-devel-linux-x86_64-fedora-clang 0.5.0 1556.53 NOTE
r-devel-linux-x86_64-fedora-gcc 0.5.0 1972.35 NOTE
r-devel-windows-x86_64 0.5.0 654.00 525.00 1179.00 NOTE
r-patched-linux-x86_64 0.5.0 674.19 419.68 1093.87 NOTE
r-release-linux-x86_64 0.5.0 651.42 408.72 1060.14 NOTE
r-release-macos-arm64 0.5.0 306.00 NOTE
r-release-macos-x86_64 0.5.0 624.00 NOTE
r-release-windows-x86_64 0.5.0 621.00 526.00 1147.00 NOTE
r-oldrel-macos-arm64 0.5.0 297.00 NOTE
r-oldrel-macos-x86_64 0.5.0 625.00 NOTE
r-oldrel-windows-ix86+x86_64 0.5.0 1887.00 820.00 2707.00 NOTE

Check Details

Version: 0.5.0
Check: for GNU extensions in Makefiles
Result: NOTE
    GNU make is a SystemRequirements.
Flavors: r-devel-linux-x86_64-debian-clang, r-devel-linux-x86_64-debian-gcc, r-devel-linux-x86_64-fedora-clang, r-devel-linux-x86_64-fedora-gcc, r-devel-windows-x86_64, r-patched-linux-x86_64, r-release-linux-x86_64, r-release-macos-arm64, r-release-macos-x86_64, r-release-windows-x86_64, r-oldrel-macos-arm64, r-oldrel-macos-x86_64, r-oldrel-windows-ix86+x86_64

Version: 0.5.0
Check: package dependencies
Result: NOTE
    Imports includes 22 non-default packages.
    Importing from so many packages makes the package vulnerable to any of
    them becoming unavailable. Move as many as possible to Suggests and
    use conditionally.
Flavor: r-devel-linux-x86_64-fedora-clang

Version: 0.5.0
Check: installed package size
Result: NOTE
     installed size is 15.5Mb
     sub-directories of 1Mb or more:
     doc 4.1Mb
     libs 10.0Mb
Flavors: r-devel-linux-x86_64-fedora-clang, r-devel-windows-x86_64, r-release-macos-arm64, r-release-macos-x86_64, r-release-windows-x86_64, r-oldrel-macos-arm64, r-oldrel-macos-x86_64, r-oldrel-windows-ix86+x86_64