Last updated on 2023-09-28 23:08:52 CEST.
Flavor | Version | Tinstall | Tcheck | Ttotal | Status | Flags |
---|---|---|---|---|---|---|
r-devel-linux-x86_64-debian-clang | 0.2.5 | 77.89 | 263.89 | 341.78 | NOTE | |
r-devel-linux-x86_64-debian-gcc | 0.2.5 | 59.11 | 172.78 | 231.89 | NOTE | |
r-devel-linux-x86_64-fedora-clang | 0.2.5 | 442.01 | NOTE | |||
r-devel-linux-x86_64-fedora-gcc | 0.2.5 | 444.04 | NOTE | |||
r-devel-windows-x86_64 | 0.2.5 | 62.00 | 314.00 | 376.00 | NOTE | |
r-patched-linux-x86_64 | 0.2.5 | 80.50 | 251.44 | 331.94 | NOTE | |
r-release-linux-x86_64 | 0.2.5 | 80.13 | 247.38 | 327.51 | NOTE | |
r-release-macos-arm64 | 0.2.5 | 119.00 | NOTE | |||
r-release-macos-x86_64 | 0.2.5 | 144.00 | ERROR | |||
r-release-windows-x86_64 | 0.2.5 | 81.00 | 280.00 | 361.00 | NOTE | |
r-oldrel-macos-arm64 | 0.2.5 | 118.00 | NOTE | |||
r-oldrel-macos-x86_64 | 0.2.5 | 138.00 | NOTE | |||
r-oldrel-windows-x86_64 | 0.2.5 | 78.00 | 266.00 | 344.00 | OK |
Version: 0.2.5
Check: C++ specification
Result: NOTE
Specified C++11: please drop specification unless essential
Flavors: r-devel-linux-x86_64-debian-clang, r-devel-linux-x86_64-debian-gcc, r-devel-linux-x86_64-fedora-clang, r-devel-linux-x86_64-fedora-gcc, r-devel-windows-x86_64, r-patched-linux-x86_64, r-release-linux-x86_64, r-release-macos-arm64, r-release-macos-x86_64, r-release-windows-x86_64
Version: 0.2.5
Check: installed package size
Result: NOTE
installed size is 6.3Mb
sub-directories of 1Mb or more:
libs 4.9Mb
Flavors: r-release-macos-arm64, r-release-macos-x86_64, r-oldrel-macos-arm64, r-oldrel-macos-x86_64
Version: 0.2.5
Check: tests
Result: ERROR
Running ‘testthat.R’ [28s/43s]
Running the tests in ‘tests/testthat.R’ failed.
Complete output:
> library(testthat)
> library(multinomineq)
> test_check("multinomineq")
Execution halted
Flavor: r-release-macos-x86_64