CRAN Package Check Results for Package multiviewtest

Last updated on 2021-10-15 22:54:22 CEST.

Flavor Version Tinstall Tcheck Ttotal Status Flags
r-devel-linux-x86_64-debian-clang 2.0.0 9.28 75.51 84.79 NOTE
r-devel-linux-x86_64-debian-gcc 2.0.1 6.99 57.82 64.81 OK
r-devel-linux-x86_64-fedora-clang 2.0.1 116.78 OK
r-devel-linux-x86_64-fedora-gcc 2.0.1 106.51 OK
r-devel-windows-x86_64 2.0.1 15.00 100.00 115.00 OK
r-devel-windows-x86_64-gcc10-UCRT 2.0.0 NOTE
r-patched-linux-x86_64 2.0.1 8.95 72.90 81.85 OK
r-patched-solaris-x86 2.0.1 151.20 OK
r-release-linux-x86_64 2.0.0 8.83 72.41 81.24 NOTE
r-release-macos-arm64 2.0.0 NOTE
r-release-macos-x86_64 2.0.1 OK
r-release-windows-ix86+x86_64 2.0.1 15.00 73.00 88.00 OK
r-oldrel-macos-x86_64 2.0.1 OK
r-oldrel-windows-ix86+x86_64 2.0.0 20.00 100.00 120.00 OK

Check Details

Version: 2.0.0
Check: LazyData
Result: NOTE
     'LazyData' is specified without a 'data' directory
Flavors: r-devel-linux-x86_64-debian-clang, r-devel-windows-x86_64-gcc10-UCRT, r-release-linux-x86_64, r-release-macos-arm64