CRAN Package Check Results for Package multiwayvcov

Last updated on 2021-07-30 22:57:35 CEST.

Flavor Version Tinstall Tcheck Ttotal Status Flags
r-devel-linux-x86_64-debian-clang 1.2.3 OK
r-devel-linux-x86_64-debian-gcc 1.2.3 2.11 23.78 25.89 OK
r-devel-linux-x86_64-fedora-clang 1.2.3 48.95 NOTE
r-devel-linux-x86_64-fedora-gcc 1.2.3 37.98 OK
r-devel-windows-x86_64 1.2.3 4.00 43.00 47.00 OK
r-devel-windows-x86_64-gcc10-UCRT 1.2.3 OK
r-patched-linux-x86_64 1.2.3 OK
r-patched-solaris-x86 1.2.3 53.90 OK
r-release-linux-x86_64 1.2.3 2.17 26.93 29.10 OK
r-release-macos-arm64 1.2.3 OK
r-release-macos-x86_64 1.2.3 OK
r-release-windows-ix86+x86_64 1.2.3 6.00 34.00 40.00 OK
r-oldrel-macos-x86_64 1.2.3 OK
r-oldrel-windows-ix86+x86_64 1.2.3 4.00 43.00 47.00 OK

Check Details

Version: 1.2.3
Check: Rd cross-references
Result: NOTE
    Undeclared package ‘lfe’ in Rd xrefs
Flavor: r-devel-linux-x86_64-fedora-clang