CRAN Package Check Results for Package mumm

Last updated on 2019-10-16 22:56:03 CEST.

Flavor Version Tinstall Tcheck Ttotal Status Flags
r-devel-linux-x86_64-debian-clang 0.2.1 106.54 62.06 168.60 OK
r-devel-linux-x86_64-debian-gcc 0.2.1 89.17 50.50 139.67 OK
r-devel-linux-x86_64-fedora-clang 0.2.1 228.62 NOTE
r-devel-linux-x86_64-fedora-gcc 0.2.1 232.25 OK
r-devel-windows-ix86+x86_64 0.2.1 198.00 102.00 300.00 NOTE
r-patched-linux-x86_64 0.2.1 90.19 61.52 151.71 OK
r-patched-solaris-x86 0.2.1 216.30 OK
r-release-linux-x86_64 0.2.1 88.76 62.52 151.28 OK
r-release-windows-ix86+x86_64 0.2.1 145.00 140.00 285.00 NOTE
r-release-osx-x86_64 0.2.1 NOTE
r-oldrel-windows-ix86+x86_64 0.2.1 142.00 95.00 237.00 NOTE
r-oldrel-osx-x86_64 0.2.1 NOTE

Check Details

Version: 0.2.1
Check: installed package size
Result: NOTE
     installed size is 27.9Mb
     sub-directories of 1Mb or more:
     libs 27.7Mb
Flavors: r-devel-linux-x86_64-fedora-clang, r-devel-windows-ix86+x86_64, r-release-windows-ix86+x86_64, r-release-osx-x86_64, r-oldrel-windows-ix86+x86_64, r-oldrel-osx-x86_64