CRAN Package Check Results for Package musicNMR

Last updated on 2021-11-27 22:57:03 CET.

Flavor Version Tinstall Tcheck Ttotal Status Flags
r-devel-linux-x86_64-debian-clang 0.0.2 NOTE
r-devel-linux-x86_64-debian-gcc 0.0.2 2.64 29.35 31.99 NOTE
r-devel-linux-x86_64-fedora-clang 0.0.2 59.52 NOTE
r-devel-linux-x86_64-fedora-gcc 0.0.2 48.78 NOTE
r-devel-windows-x86_64-new-UL 0.0.2 7.00 81.00 88.00 NOTE
r-devel-windows-x86_64-new-TK 0.0.2 NOTE
r-devel-windows-x86_64-old 0.0.2 4.00 60.00 64.00 NOTE
r-patched-linux-x86_64 0.0.2 2.90 36.10 39.00 NOTE
r-patched-solaris-x86 0.0.2 75.20 NOTE
r-release-linux-x86_64 0.0.2 NOTE
r-release-macos-arm64 0.0.2 NOTE
r-release-macos-x86_64 0.0.2 NOTE
r-release-windows-ix86+x86_64 0.0.2 8.00 44.00 52.00 NOTE
r-oldrel-macos-x86_64 0.0.2 NOTE
r-oldrel-windows-ix86+x86_64 0.0.2 6.00 57.00 63.00 NOTE

Check Details

Version: 0.0.2
Check: R code for possible problems
Result: NOTE
    plotFID: no visible global function definition for 'points'
    Undefined global functions or variables:
     points
    Consider adding
     importFrom("graphics", "points")
    to your NAMESPACE file.
Flavors: r-devel-linux-x86_64-debian-clang, r-devel-linux-x86_64-debian-gcc, r-devel-linux-x86_64-fedora-clang, r-devel-linux-x86_64-fedora-gcc, r-devel-windows-x86_64-new-UL, r-devel-windows-x86_64-new-TK, r-devel-windows-x86_64-old, r-patched-linux-x86_64, r-patched-solaris-x86, r-release-linux-x86_64, r-release-macos-arm64, r-release-macos-x86_64, r-release-windows-ix86+x86_64, r-oldrel-macos-x86_64, r-oldrel-windows-ix86+x86_64

Version: 0.0.2
Check: for non-standard things in the check directory
Result: NOTE
    Found the following files/directories:
     'audio.wav'
Flavors: r-devel-linux-x86_64-debian-clang, r-devel-linux-x86_64-debian-gcc, r-devel-linux-x86_64-fedora-clang, r-devel-linux-x86_64-fedora-gcc, r-patched-linux-x86_64, r-patched-solaris-x86, r-release-linux-x86_64

Version: 0.0.2
Check: Rd cross-references
Result: NOTE
    Undeclared package ‘tuneR’ in Rd xrefs
Flavor: r-devel-linux-x86_64-fedora-clang