CRAN Package Check Results for Package mustashe

Last updated on 2021-06-22 22:56:42 CEST.

Flavor Version Tinstall Tcheck Ttotal Status Flags
r-devel-linux-x86_64-debian-clang 0.1.4 2.09 29.77 31.86 OK
r-devel-linux-x86_64-debian-gcc 0.1.4 1.83 23.66 25.49 OK
r-devel-linux-x86_64-fedora-clang 0.1.4 48.19 OK
r-devel-linux-x86_64-fedora-gcc 0.1.4 38.20 OK
r-devel-windows-x86_64 0.1.4 4.00 59.00 63.00 OK
r-devel-windows-x86_64-gcc10-UCRT 0.1.4 NOTE
r-patched-linux-x86_64 0.1.4 2.15 29.09 31.24 OK
r-patched-solaris-x86 0.1.4 57.80 OK
r-release-linux-x86_64 0.1.4 2.31 29.04 31.35 OK
r-release-macos-arm64 0.1.4 OK
r-release-macos-x86_64 0.1.4 ERROR
r-release-windows-ix86+x86_64 0.1.4 4.00 50.00 54.00 OK
r-oldrel-macos-x86_64 0.1.4 ERROR

Check Details

Version: 0.1.4
Check: package dependencies
Result: NOTE
    Package suggested but not available for checking: 'covr'
Flavor: r-devel-windows-x86_64-gcc10-UCRT

Version: 0.1.4
Check: tests
Result: ERROR
     Running ‘spelling.R’ [0s/0s]
     Running ‘testthat.R’ [1s/5s]
    Running the tests in ‘tests/testthat.R’ failed.
    Last 13 lines of output:
     Backtrace:
     █
     1. ├─testthat::expect_null(...) test-unstash.R:2:2
     2. │ └─testthat::quasi_label(enquo(object), label, arg = "object")
     3. │ └─rlang::eval_bare(expr, quo_get_env(quo))
     4. └─mustashe::stash(...)
     5. └─mustashe:::check_stash_dir()
     6. └─base::tryCatch(...)
     7. └─base:::tryCatchList(expr, classes, parentenv, handlers)
     8. └─base:::tryCatchOne(expr, names, parentenv, handlers[[1L]])
     9. └─value[[3L]](cond)
    
     [ FAIL 1 | WARN 1 | SKIP 0 | PASS 60 ]
     Error: Test failures
     Execution halted
Flavor: r-release-macos-x86_64

Version: 0.1.4
Check: tests
Result: ERROR
     Running ‘spelling.R’ [0s/0s]
     Running ‘testthat.R’ [1s/4s]
    Running the tests in ‘tests/testthat.R’ failed.
    Last 13 lines of output:
     Backtrace:
     █
     1. ├─testthat::expect_null(...) test-unstash.R:2:2
     2. │ └─testthat::quasi_label(enquo(object), label, arg = "object")
     3. │ └─rlang::eval_bare(expr, quo_get_env(quo))
     4. └─mustashe::stash(...)
     5. └─mustashe:::check_stash_dir()
     6. └─base::tryCatch(...)
     7. └─base:::tryCatchList(expr, classes, parentenv, handlers)
     8. └─base:::tryCatchOne(expr, names, parentenv, handlers[[1L]])
     9. └─value[[3L]](cond)
    
     [ FAIL 1 | WARN 1 | SKIP 0 | PASS 60 ]
     Error: Test failures
     Execution halted
Flavor: r-oldrel-macos-x86_64