Last updated on 2024-03-27 22:57:51 CET.
Flavor | Version | Tinstall | Tcheck | Ttotal | Status | Flags |
---|---|---|---|---|---|---|
r-devel-linux-x86_64-debian-clang | 2.0.3 | 327.66 | 100.19 | 427.85 | OK | |
r-devel-linux-x86_64-debian-gcc | 2.0.3 | 249.58 | 76.97 | 326.55 | OK | |
r-devel-linux-x86_64-fedora-clang | 2.0.3 | 630.13 | OK | |||
r-devel-linux-x86_64-fedora-gcc | 2.0.3 | 633.51 | OK | |||
r-devel-windows-x86_64 | 2.0.3 | 245.00 | 130.00 | 375.00 | OK | |
r-patched-linux-x86_64 | 2.0.3 | 212.33 | 99.12 | 311.45 | OK | |
r-release-linux-x86_64 | 2.0.3 | 219.90 | 97.53 | 317.43 | OK | |
r-release-macos-arm64 | 2.0.3 | 124.00 | NOTE | |||
r-release-macos-x86_64 | 2.0.3 | 181.00 | NOTE | |||
r-release-windows-x86_64 | 2.0.3 | 298.00 | 143.00 | 441.00 | OK | |
r-oldrel-macos-arm64 | 2.0.3 | 126.00 | NOTE | |||
r-oldrel-windows-x86_64 | 2.0.3 | 292.00 | 140.00 | 432.00 | OK |
Version: 2.0.3
Check: installed package size
Result: NOTE
installed size is 13.2Mb
sub-directories of 1Mb or more:
libs 11.9Mb
Flavors: r-release-macos-arm64, r-release-macos-x86_64, r-oldrel-macos-arm64