CRAN Package Check Results for Package mvSLOUCH

Last updated on 2021-10-25 23:52:53 CEST.

Flavor Version Tinstall Tcheck Ttotal Status Flags
r-devel-linux-x86_64-debian-clang 2.6.5 34.75 232.95 267.70 OK
r-devel-linux-x86_64-debian-gcc 2.6.5 24.04 168.39 192.43 OK
r-devel-linux-x86_64-fedora-clang 2.6.5 317.24 NOTE
r-devel-linux-x86_64-fedora-gcc 2.6.5 308.42 NOTE
r-devel-windows-x86_64 2.6.5 48.00 253.00 301.00 OK
r-devel-windows-x86_64-gcc10-UCRT 2.6.5 WARN
r-patched-linux-x86_64 2.6.5 34.31 219.46 253.77 OK
r-patched-solaris-x86 2.6.5 363.70 NOTE
r-release-linux-x86_64 2.6.5 31.28 216.35 247.63 OK
r-release-macos-arm64 2.6.5 NOTE
r-release-macos-x86_64 2.6.5 NOTE
r-release-windows-ix86+x86_64 2.6.5 44.00 254.00 298.00 OK
r-oldrel-macos-x86_64 2.6.5 NOTE
r-oldrel-windows-ix86+x86_64 2.6.5 65.00 261.00 326.00 OK

Check Details

Version: 2.6.5
Check: dependencies in R code
Result: NOTE
    Namespace in Imports field not imported from: ‘matrixcalc’
     All declared Imports should be used.
Flavors: r-devel-linux-x86_64-fedora-clang, r-devel-linux-x86_64-fedora-gcc, r-devel-windows-x86_64-gcc10-UCRT, r-patched-solaris-x86, r-release-macos-arm64, r-release-macos-x86_64, r-oldrel-macos-x86_64

Version: 2.6.5
Check: Rd cross-references
Result: NOTE
    Undeclared package ‘mvMORPH’ in Rd xrefs
Flavor: r-devel-linux-x86_64-fedora-clang

Version: 2.6.5
Check: re-building of vignette outputs
Result: WARN
    Error(s) in re-building vignettes:
    --- re-building 'mvSLOUCH_Carnivorans.Rmd' using rmarkdown
    using cached file: C:\Users\ContainerUser\AppData\Local/Cache/R/rdryad/10_5061_dryad_77tm4.zip
    date created (size, mb): 2021-10-14 07:11:18 (0)
    Quitting from lines 149-150 (mvSLOUCH_Carnivorans.Rmd)
    Error: processing vignette 'mvSLOUCH_Carnivorans.Rmd' failed with diagnostics:
    zip error: `Cannot open zip file `C:\Users\ContainerUser\AppData\Local\Cache\R\rdryad\10_5061_dryad_77tm4.zip` for reading` in file `zip.c:140`
    --- failed re-building 'mvSLOUCH_Carnivorans.Rmd'
    
    SUMMARY: processing the following file failed:
     'mvSLOUCH_Carnivorans.Rmd'
    
    Error: Vignette re-building failed.
    Execution halted
Flavor: r-devel-windows-x86_64-gcc10-UCRT