CRAN Package Check Results for Package mvnfast

Last updated on 2019-09-15 22:49:26 CEST.

Flavor Version Tinstall Tcheck Ttotal Status Flags
r-devel-linux-x86_64-debian-clang 0.2.5 91.82 248.65 340.47 NOTE
r-devel-linux-x86_64-debian-gcc 0.2.5 77.02 178.36 255.38 NOTE
r-devel-linux-x86_64-fedora-clang 0.2.5 443.07 NOTE
r-devel-linux-x86_64-fedora-gcc 0.2.5 396.22 NOTE
r-devel-windows-ix86+x86_64 0.2.5 263.00 415.00 678.00 NOTE
r-patched-linux-x86_64 0.2.5 92.20 212.17 304.37 NOTE
r-patched-solaris-x86 0.2.5 394.00 NOTE --no-vignettes
r-release-linux-x86_64 0.2.5 89.43 215.02 304.45 NOTE
r-release-windows-ix86+x86_64 0.2.5 210.00 333.00 543.00 NOTE
r-release-osx-x86_64 0.2.5 NOTE
r-oldrel-windows-ix86+x86_64 0.2.5 271.00 323.00 594.00 OK
r-oldrel-osx-x86_64 0.2.5 OK

Check Details

Version: 0.2.5
Check: line endings in C/C++/Fortran sources/headers
Result: NOTE
    Found the following sources/headers not terminated with a newline:
     src/sitmo/sitmo.hpp
    Some compilers warn on such files.
Flavors: r-devel-linux-x86_64-debian-clang, r-devel-linux-x86_64-debian-gcc, r-devel-linux-x86_64-fedora-clang, r-devel-linux-x86_64-fedora-gcc, r-devel-windows-ix86+x86_64, r-patched-linux-x86_64, r-release-linux-x86_64, r-release-windows-ix86+x86_64, r-release-osx-x86_64

Version: 0.2.5
Flags: --no-vignettes
Check: line endings in C/C++/Fortran sources/headers
Result: NOTE
    Found the following sources/headers not terminated with a newline:
     src/sitmo/sitmo.hpp
    Some compilers warn on such files.
Flavor: r-patched-solaris-x86