CRAN Package Check Results for Package mvnfast

Last updated on 2020-01-18 22:48:37 CET.

Flavor Version Tinstall Tcheck Ttotal Status Flags
r-devel-linux-x86_64-debian-clang 0.2.5 112.23 244.18 356.41 NOTE
r-devel-linux-x86_64-debian-gcc 0.2.5 75.24 170.99 246.23 NOTE
r-devel-linux-x86_64-fedora-clang 0.2.5 459.21 NOTE
r-devel-linux-x86_64-fedora-gcc 0.2.5 394.12 NOTE
r-devel-windows-ix86+x86_64 0.2.5 277.00 407.00 684.00 NOTE
r-devel-windows-ix86+x86_64-gcc8 0.2.5 223.00 416.00 639.00 NOTE
r-patched-linux-x86_64 0.2.5 84.80 201.82 286.62 NOTE
r-patched-solaris-x86 0.2.5 397.30 NOTE --no-vignettes
r-release-linux-x86_64 0.2.5 85.28 199.74 285.02 NOTE
r-release-windows-ix86+x86_64 0.2.5 277.00 422.00 699.00 NOTE
r-release-osx-x86_64 0.2.5 NOTE
r-oldrel-windows-ix86+x86_64 0.2.5 260.00 340.00 600.00 OK
r-oldrel-osx-x86_64 0.2.5 OK

Check Details

Version: 0.2.5
Check: line endings in C/C++/Fortran sources/headers
Result: NOTE
    Found the following sources/headers not terminated with a newline:
     src/sitmo/sitmo.hpp
    Some compilers warn on such files.
Flavors: r-devel-linux-x86_64-debian-clang, r-devel-linux-x86_64-debian-gcc, r-devel-linux-x86_64-fedora-clang, r-devel-linux-x86_64-fedora-gcc, r-devel-windows-ix86+x86_64, r-devel-windows-ix86+x86_64-gcc8, r-patched-linux-x86_64, r-release-linux-x86_64, r-release-windows-ix86+x86_64, r-release-osx-x86_64

Version: 0.2.5
Flags: --no-vignettes
Check: line endings in C/C++/Fortran sources/headers
Result: NOTE
    Found the following sources/headers not terminated with a newline:
     src/sitmo/sitmo.hpp
    Some compilers warn on such files.
Flavor: r-patched-solaris-x86