CRAN Package Check Results for Package mvp

Last updated on 2019-09-21 22:49:03 CEST.

Flavor Version Tinstall Tcheck Ttotal Status Flags
r-devel-linux-x86_64-debian-clang 1.0-8 21.82 85.74 107.56 OK
r-devel-linux-x86_64-debian-gcc 1.0-8 19.75 69.10 88.85 OK
r-devel-linux-x86_64-fedora-clang 1.0-8 146.17 OK
r-devel-linux-x86_64-fedora-gcc 1.0-8 147.73 OK
r-devel-windows-ix86+x86_64 1.0-8 75.00 198.00 273.00 OK
r-patched-linux-x86_64 1.0-8 22.00 82.54 104.54 OK
r-patched-solaris-x86 1.0-8 173.90 OK
r-release-linux-x86_64 1.0-8 20.02 82.54 102.56 OK
r-release-windows-ix86+x86_64 1.0-8 39.00 5.00 44.00 ERROR
r-release-osx-x86_64 1.0-8 OK
r-oldrel-windows-ix86+x86_64 1.0-8 42.00 128.00 170.00 OK
r-oldrel-osx-x86_64 1.0-8 OK

Check Details

Version: 1.0-8
Check: whether package can be installed
Result: ERROR
    Installation failed.
Flavor: r-release-windows-ix86+x86_64