CRAN Package Check Results for Package mvrsquared

Last updated on 2021-06-18 22:54:35 CEST.

Flavor Version Tinstall Tcheck Ttotal Status Flags
r-devel-linux-x86_64-debian-clang 0.1.1 41.01 77.72 118.73 NOTE
r-devel-linux-x86_64-debian-gcc 0.1.1 28.17 59.61 87.78 NOTE
r-devel-linux-x86_64-fedora-clang 0.1.1 161.11 NOTE
r-devel-linux-x86_64-fedora-gcc 0.1.1 146.93 NOTE
r-devel-windows-x86_64 0.1.1 51.00 110.00 161.00 NOTE
r-devel-windows-x86_64-gcc10-UCRT 0.1.1 NOTE
r-patched-linux-x86_64 0.1.1 34.49 74.90 109.39 NOTE
r-patched-solaris-x86 0.1.1 182.40 NOTE
r-release-linux-x86_64 0.1.1 33.48 74.59 108.07 NOTE
r-release-macos-arm64 0.1.1 NOTE
r-release-macos-x86_64 0.1.1 NOTE
r-release-windows-ix86+x86_64 0.1.1 97.00 138.00 235.00 NOTE
r-oldrel-macos-x86_64 0.1.1 OK
r-oldrel-windows-ix86+x86_64 0.1.1 77.00 142.00 219.00 OK

Check Details

Version: 0.1.1
Check: LazyData
Result: NOTE
     'LazyData' is specified without a 'data' directory
Flavors: r-devel-linux-x86_64-debian-clang, r-devel-linux-x86_64-debian-gcc, r-devel-linux-x86_64-fedora-clang, r-devel-linux-x86_64-fedora-gcc, r-devel-windows-x86_64, r-devel-windows-x86_64-gcc10-UCRT, r-patched-linux-x86_64, r-patched-solaris-x86, r-release-linux-x86_64, r-release-macos-arm64, r-release-macos-x86_64, r-release-windows-ix86+x86_64