CRAN Package Check Results for Package mwshiny

Last updated on 2024-07-23 22:49:45 CEST.

Flavor Version Tinstall Tcheck Ttotal Status Flags
r-devel-linux-x86_64-debian-clang 2.1.0 3.23 46.51 49.74 NOTE
r-devel-linux-x86_64-debian-gcc 2.1.0 3.31 35.88 39.19 NOTE
r-devel-linux-x86_64-fedora-clang 2.1.0 64.90 NOTE
r-devel-linux-x86_64-fedora-gcc 2.1.0 73.79 NOTE
r-devel-windows-x86_64 2.1.0 5.00 56.00 61.00 NOTE
r-patched-linux-x86_64 2.1.0 4.33 43.71 48.04 NOTE
r-release-linux-x86_64 2.1.0 3.48 45.41 48.89 NOTE
r-release-macos-arm64 2.1.0 32.00 NOTE
r-release-macos-x86_64 2.1.0 45.00 NOTE
r-release-windows-x86_64 2.1.0 5.00 64.00 69.00 NOTE
r-oldrel-macos-arm64 2.1.0 33.00 NOTE
r-oldrel-macos-x86_64 2.1.0 47.00 NOTE
r-oldrel-windows-x86_64 2.1.0 5.00 61.00 66.00 NOTE

Check Details

Version: 2.1.0
Check: LazyData
Result: NOTE 'LazyData' is specified without a 'data' directory Flavors: r-devel-linux-x86_64-debian-clang, r-devel-linux-x86_64-debian-gcc, r-devel-linux-x86_64-fedora-clang, r-devel-linux-x86_64-fedora-gcc, r-devel-windows-x86_64, r-patched-linux-x86_64, r-release-linux-x86_64, r-release-macos-arm64, r-release-macos-x86_64, r-release-windows-x86_64, r-oldrel-macos-arm64, r-oldrel-macos-x86_64, r-oldrel-windows-x86_64