CRAN Package Check Results for Package myTAI

Last updated on 2021-10-17 22:48:41 CEST.

Flavor Version Tinstall Tcheck Ttotal Status Flags
r-devel-linux-x86_64-debian-clang 0.9.3 28.95 188.76 217.71 OK
r-devel-linux-x86_64-debian-gcc 0.9.3 21.80 149.40 171.20 OK
r-devel-linux-x86_64-fedora-clang 0.9.3 314.27 OK
r-devel-linux-x86_64-fedora-gcc 0.9.3 270.50 OK
r-devel-windows-x86_64 0.9.3 45.00 294.00 339.00 OK
r-devel-windows-x86_64-gcc10-UCRT 0.9.3 OK
r-patched-linux-x86_64 0.9.3 30.93 193.95 224.88 OK
r-patched-solaris-x86 0.9.3 369.20 OK
r-release-linux-x86_64 0.9.3 27.06 191.08 218.14 OK
r-release-macos-arm64 0.9.3 OK
r-release-macos-x86_64 0.9.3 OK
r-release-windows-ix86+x86_64 0.9.3 80.00 432.00 512.00 NOTE
r-oldrel-macos-x86_64 0.9.3 OK
r-oldrel-windows-ix86+x86_64 0.9.3 79.00 447.00 526.00 NOTE

Check Details

Version: 0.9.3
Check: installed package size
Result: NOTE
     installed size is 5.6Mb
     sub-directories of 1Mb or more:
     data 2.0Mb
     doc 1.1Mb
     libs 2.1Mb
Flavors: r-release-windows-ix86+x86_64, r-oldrel-windows-ix86+x86_64