CRAN Package Check Results for Package myTAI

Last updated on 2021-07-29 22:56:10 CEST.

Flavor Version Tinstall Tcheck Ttotal Status Flags
r-devel-linux-x86_64-debian-clang 0.9.3 OK
r-devel-linux-x86_64-debian-gcc 0.9.3 21.05 156.83 177.88 OK
r-devel-linux-x86_64-fedora-clang 0.9.3 313.29 OK
r-devel-linux-x86_64-fedora-gcc 0.9.3 273.95 OK
r-devel-windows-x86_64 0.9.3 50.00 264.00 314.00 OK
r-devel-windows-x86_64-gcc10-UCRT 0.9.3 OK
r-patched-linux-x86_64 0.9.3 27.21 195.04 222.25 OK
r-patched-solaris-x86 0.9.3 385.60 OK
r-release-linux-x86_64 0.9.3 27.18 195.57 222.75 OK
r-release-macos-arm64 0.9.3 ERROR
r-release-macos-x86_64 0.9.3 OK
r-release-windows-ix86+x86_64 0.9.3 74.00 437.00 511.00 NOTE
r-oldrel-macos-x86_64 0.9.3 OK
r-oldrel-windows-ix86+x86_64 0.9.3 73.00 462.00 535.00 NOTE

Check Details

Version: 0.9.3
Check: package dependencies
Result: ERROR
    Package required but not available: ‘edgeR’
    
    See section ‘The DESCRIPTION file’ in the ‘Writing R Extensions’
    manual.
Flavor: r-release-macos-arm64

Version: 0.9.3
Check: installed package size
Result: NOTE
     installed size is 5.7Mb
     sub-directories of 1Mb or more:
     data 2.0Mb
     doc 1.1Mb
     libs 2.1Mb
Flavors: r-release-windows-ix86+x86_64, r-oldrel-windows-ix86+x86_64