CRAN Package Check Results for Package n1qn1

Last updated on 2022-08-19 22:53:21 CEST.

Flavor Version Tinstall Tcheck Ttotal Status Flags
r-devel-linux-x86_64-debian-clang 6.0.1-10 16.79 28.89 45.68 NOTE
r-devel-linux-x86_64-debian-gcc 6.0.1-10 16.70 22.83 39.53 NOTE
r-devel-linux-x86_64-fedora-clang 6.0.1-10 75.11 NOTE
r-devel-linux-x86_64-fedora-gcc 6.0.1-10 71.34 NOTE
r-devel-windows-x86_64 6.0.1-10 23.00 72.00 95.00 NOTE
r-patched-linux-x86_64 6.0.1-10 18.95 28.13 47.08 NOTE
r-release-linux-x86_64 6.0.1-10 NOTE
r-release-macos-arm64 6.0.1-10 24.00 NOTE
r-release-macos-x86_64 6.0.1-10 33.00 NOTE
r-release-windows-x86_64 6.0.1-10 26.00 75.00 101.00 NOTE
r-oldrel-macos-arm64 6.0.1-10 25.00 NOTE
r-oldrel-macos-x86_64 6.0.1-10 44.00 NOTE
r-oldrel-windows-ix86+x86_64 6.0.1-10 56.00 75.00 131.00 NOTE

Check Details

Version: 6.0.1-10
Check: LazyData
Result: NOTE
     'LazyData' is specified without a 'data' directory
Flavors: r-devel-linux-x86_64-debian-clang, r-devel-linux-x86_64-debian-gcc, r-devel-linux-x86_64-fedora-clang, r-devel-linux-x86_64-fedora-gcc, r-devel-windows-x86_64, r-patched-linux-x86_64, r-release-linux-x86_64, r-release-macos-arm64, r-release-macos-x86_64, r-release-windows-x86_64, r-oldrel-macos-arm64, r-oldrel-macos-x86_64, r-oldrel-windows-ix86+x86_64