CRAN Package Check Results for Package naaccr

Last updated on 2021-11-28 22:51:21 CET.

Flavor Version Tinstall Tcheck Ttotal Status Flags
r-devel-linux-x86_64-debian-clang 1.0.0 OK
r-devel-linux-x86_64-debian-gcc 1.0.0 2.74 82.61 85.35 OK
r-devel-linux-x86_64-fedora-clang 1.0.0 119.33 NOTE
r-devel-linux-x86_64-fedora-gcc 1.0.0 91.87 NOTE
r-devel-windows-x86_64-new-UL 1.0.0 12.00 130.00 142.00 OK
r-devel-windows-x86_64-new-TK 1.0.0 NOTE
r-devel-windows-x86_64-old 1.0.0 7.00 107.00 114.00 OK
r-patched-linux-x86_64 1.0.0 5.15 89.44 94.59 OK
r-patched-solaris-x86 1.0.0 121.60 NOTE
r-release-linux-x86_64 1.0.0 4.13 86.80 90.93 OK
r-release-macos-arm64 1.0.0 NOTE
r-release-macos-x86_64 1.0.0 NOTE
r-release-windows-ix86+x86_64 1.0.0 8.00 66.00 74.00 OK
r-oldrel-macos-x86_64 1.0.0 NOTE
r-oldrel-windows-ix86+x86_64 1.0.0 6.00 90.00 96.00 OK

Check Details

Version: 1.0.0
Check: data for non-ASCII characters
Result: NOTE
     Note: found 50 marked UTF-8 strings
Flavors: r-devel-linux-x86_64-fedora-clang, r-devel-linux-x86_64-fedora-gcc, r-devel-windows-x86_64-new-TK, r-patched-solaris-x86, r-release-macos-arm64, r-release-macos-x86_64, r-oldrel-macos-x86_64