Last updated on 2024-04-17 23:00:00 CEST.
Flavor | Version | Tinstall | Tcheck | Ttotal | Status | Flags |
---|---|---|---|---|---|---|
r-devel-linux-x86_64-debian-clang | 2.4.1 | 9.73 | 115.06 | 124.79 | NOTE | |
r-devel-linux-x86_64-debian-gcc | 2.4.1 | 6.51 | 82.39 | 88.90 | NOTE | |
r-devel-linux-x86_64-fedora-clang | 2.4.1 | 153.01 | NOTE | |||
r-devel-linux-x86_64-fedora-gcc | 2.4.1 | 155.64 | NOTE | |||
r-prerel-macos-arm64 | 2.4.1 | 54.00 | NOTE | |||
r-prerel-windows-x86_64 | 2.4.1 | 8.00 | 96.00 | 104.00 | NOTE | |
r-patched-linux-x86_64 | 2.4.1 | 8.09 | 108.02 | 116.11 | NOTE | |
r-release-linux-x86_64 | 2.4.1 | 5.41 | 108.40 | 113.81 | OK | |
r-release-macos-arm64 | 2.4.1 | 50.00 | OK | |||
r-release-macos-x86_64 | 2.4.1 | 84.00 | OK | |||
r-release-windows-x86_64 | 2.4.1 | 11.00 | 112.00 | 123.00 | OK | |
r-oldrel-macos-arm64 | 2.4.1 | 44.00 | OK | |||
r-oldrel-windows-x86_64 | 2.4.1 | 12.00 | 115.00 | 127.00 | OK |
Version: 2.4.1
Check: Rd files
Result: NOTE
checkRd: (-1) drop_name_crossref.Rd:49: Lost braces; missing escapes or markup?
49 | Takes one or several dois and extracts information from Crossref, then processes them into visual citations with \code{\link{drop_name}}. Requires {rcrossref} > v1.1, see README for further details.
| ^
Flavors: r-devel-linux-x86_64-debian-clang, r-devel-linux-x86_64-debian-gcc, r-devel-linux-x86_64-fedora-clang, r-devel-linux-x86_64-fedora-gcc, r-prerel-macos-arm64, r-prerel-windows-x86_64, r-patched-linux-x86_64