CRAN Package Check Results for Package nanotime

Last updated on 2022-01-25 22:57:03 CET.

Flavor Version Tinstall Tcheck Ttotal Status Flags
r-devel-linux-x86_64-debian-clang 0.3.5 76.42 83.78 160.20 OK
r-devel-linux-x86_64-debian-gcc 0.3.5 57.05 63.39 120.44 OK
r-devel-linux-x86_64-fedora-clang 0.3.5 219.21 NOTE
r-devel-linux-x86_64-fedora-gcc 0.3.5 198.97 OK
r-devel-windows-x86_64-new-UL 0.3.5 230.00 142.00 372.00 OK
r-devel-windows-x86_64-new-TK 0.3.5 OK
r-patched-linux-x86_64 0.3.5 67.38 76.64 144.02 OK
r-release-linux-x86_64 0.3.5 69.37 75.54 144.91 OK
r-release-macos-arm64 0.3.5 NOTE
r-release-macos-x86_64 0.3.5 OK
r-release-windows-ix86+x86_64 0.3.5 173.00 152.00 325.00 OK
r-oldrel-macos-x86_64 0.3.5 OK
r-oldrel-windows-ix86+x86_64 0.3.5 174.00 149.00 323.00 OK

Check Details

Version: 0.3.5
Check: installed package size
Result: NOTE
     installed size is 5.2Mb
     sub-directories of 1Mb or more:
     libs 4.2Mb
Flavors: r-devel-linux-x86_64-fedora-clang, r-release-macos-arm64