CRAN Package Check Results for Package nanotime

Last updated on 2021-08-04 22:55:24 CEST.

Flavor Version Tinstall Tcheck Ttotal Status Flags
r-devel-linux-x86_64-debian-clang 0.3.2 78.37 68.12 146.49 OK
r-devel-linux-x86_64-debian-gcc 0.3.2 55.82 51.60 107.42 OK
r-devel-linux-x86_64-fedora-clang 0.3.2 205.40 NOTE
r-devel-linux-x86_64-fedora-gcc 0.3.2 183.98 OK
r-devel-windows-x86_64 0.3.2 70.00 99.00 169.00 OK
r-devel-windows-x86_64-gcc10-UCRT 0.3.2 OK
r-patched-linux-x86_64 0.3.2 72.25 65.42 137.67 OK
r-patched-solaris-x86 0.3.2 194.00 OK
r-release-linux-x86_64 0.3.2 64.62 66.13 130.75 OK
r-release-macos-arm64 0.3.2 NOTE
r-release-macos-x86_64 0.3.2 OK
r-release-windows-ix86+x86_64 0.3.2 180.00 101.00 281.00 OK
r-oldrel-macos-x86_64 0.3.2 OK
r-oldrel-windows-ix86+x86_64 0.3.2 128.00 145.00 273.00 OK

Check Details

Version: 0.3.2
Check: installed package size
Result: NOTE
     installed size is 5.3Mb
     sub-directories of 1Mb or more:
     libs 4.3Mb
Flavors: r-devel-linux-x86_64-fedora-clang, r-release-macos-arm64