CRAN Package Check Results for Package naryn

Last updated on 2024-02-29 22:58:51 CET.

Flavor Version Tinstall Tcheck Ttotal Status Flags
r-devel-linux-x86_64-debian-clang 2.6.26 140.83 55.50 196.33 OK
r-devel-linux-x86_64-debian-gcc 2.6.26 124.66 41.77 166.43 OK
r-devel-linux-x86_64-fedora-clang 2.6.26 342.31 OK
r-devel-linux-x86_64-fedora-gcc 2.6.26 329.97 OK
r-patched-linux-x86_64 2.6.26 146.49 53.23 199.72 OK
r-release-linux-x86_64 2.6.26 110.14 53.33 163.47 OK
r-release-macos-arm64 2.6.26 75.00 NOTE
r-release-macos-x86_64 2.6.26 117.00 NOTE
r-oldrel-macos-arm64 2.6.26 69.00 NOTE

Additional issues

noRemap

Check Details

Version: 2.6.26
Check: installed package size
Result: NOTE installed size is 11.1Mb sub-directories of 1Mb or more: libs 10.5Mb Flavors: r-release-macos-arm64, r-release-macos-x86_64, r-oldrel-macos-arm64