CRAN Package Check Results for Package nasadata

Last updated on 2023-09-23 23:00:52 CEST.

Flavor Version Tinstall Tcheck Ttotal Status Flags
r-devel-linux-x86_64-debian-clang 0.9.0 5.71 46.31 52.02 NOTE
r-devel-linux-x86_64-debian-gcc 0.9.0 4.63 35.57 40.20 NOTE
r-devel-linux-x86_64-fedora-clang 0.9.0 68.60 NOTE
r-devel-linux-x86_64-fedora-gcc 0.9.0 61.41 NOTE
r-devel-windows-x86_64 0.9.0 7.00 65.00 72.00 NOTE
r-patched-linux-x86_64 0.9.0 4.12 42.95 47.07 NOTE
r-release-linux-x86_64 0.9.0 5.44 43.86 49.30 NOTE
r-release-macos-arm64 0.9.0 23.00 NOTE
r-release-macos-x86_64 0.9.0 31.00 NOTE
r-release-windows-x86_64 0.9.0 8.00 63.00 71.00 NOTE
r-oldrel-macos-arm64 0.9.0 23.00 NOTE
r-oldrel-macos-x86_64 0.9.0 45.00 NOTE
r-oldrel-windows-x86_64 0.9.0 9.00 69.00 78.00 NOTE

Check Details

Version: 0.9.0
Check: LazyData
Result: NOTE
     'LazyData' is specified without a 'data' directory
Flavors: r-devel-linux-x86_64-debian-clang, r-devel-linux-x86_64-debian-gcc, r-devel-linux-x86_64-fedora-clang, r-devel-linux-x86_64-fedora-gcc, r-devel-windows-x86_64, r-patched-linux-x86_64, r-release-linux-x86_64, r-release-macos-arm64, r-release-macos-x86_64, r-release-windows-x86_64, r-oldrel-macos-arm64, r-oldrel-macos-x86_64, r-oldrel-windows-x86_64