CRAN Package Check Results for Package nasadata

Last updated on 2024-06-13 22:49:36 CEST.

Flavor Version Tinstall Tcheck Ttotal Status Flags
r-devel-linux-x86_64-debian-clang 0.9.0 4.97 46.32 51.29 NOTE
r-devel-linux-x86_64-debian-gcc 0.9.0 0.32 1.62 1.94 ERROR
r-devel-linux-x86_64-fedora-clang 0.9.0 66.54 NOTE
r-devel-linux-x86_64-fedora-gcc 0.9.0 62.06 NOTE
r-devel-windows-x86_64 0.9.0 6.00 60.00 66.00 NOTE
r-patched-linux-x86_64 0.9.0 5.90 43.65 49.55 NOTE
r-release-linux-x86_64 0.9.0 4.49 44.02 48.51 NOTE
r-release-macos-arm64 0.9.0 22.00 NOTE
r-release-macos-x86_64 0.9.0 34.00 NOTE
r-release-windows-x86_64 0.9.0 5.00 60.00 65.00 NOTE
r-oldrel-macos-arm64 0.9.0 23.00 NOTE
r-oldrel-macos-x86_64 0.9.0 31.00 NOTE
r-oldrel-windows-x86_64 0.9.0 7.00 65.00 72.00 NOTE

Check Details

Version: 0.9.0
Check: LazyData
Result: NOTE 'LazyData' is specified without a 'data' directory Flavors: r-devel-linux-x86_64-debian-clang, r-devel-linux-x86_64-fedora-clang, r-devel-linux-x86_64-fedora-gcc, r-devel-windows-x86_64, r-patched-linux-x86_64, r-release-linux-x86_64, r-release-macos-arm64, r-release-macos-x86_64, r-release-windows-x86_64, r-oldrel-macos-arm64, r-oldrel-macos-x86_64, r-oldrel-windows-x86_64

Version: 0.9.0
Check: package dependencies
Result: ERROR Package required but not available: ‘dplyr’ See section ‘The DESCRIPTION file’ in the ‘Writing R Extensions’ manual. Flavor: r-devel-linux-x86_64-debian-gcc