CRAN Package Check Results for Package nat.nblast

Last updated on 2024-02-22 21:51:46 CET.

Flavor Version Tinstall Tcheck Ttotal Status Flags
r-devel-linux-x86_64-debian-clang 1.6.7 OK
r-devel-linux-x86_64-debian-gcc 1.6.7 8.42 81.16 89.58 OK
r-devel-linux-x86_64-fedora-clang 1.6.7 147.01 OK
r-devel-linux-x86_64-fedora-gcc 1.6.7 160.73 NOTE
r-devel-windows-x86_64 1.6.7 9.00 101.00 110.00 OK
r-patched-linux-x86_64 1.6.7 12.78 106.96 119.74 OK
r-release-linux-x86_64 1.6.7 6.47 104.15 110.62 OK
r-release-macos-arm64 1.6.7 68.00 OK
r-release-macos-x86_64 1.6.7 95.00 ERROR
r-release-windows-x86_64 1.6.7 11.00 116.00 127.00 OK
r-oldrel-macos-arm64 1.6.7 64.00 OK
r-oldrel-windows-x86_64 1.6.7 12.00 115.00 127.00 OK

Check Details

Version: 1.6.7
Check: for detritus in the temp directory
Result: NOTE Found the following files/directories: ‘Crashpad’ Flavor: r-devel-linux-x86_64-fedora-gcc

Version: 1.6.7
Check: re-building of vignette outputs
Result: ERROR Error(s) in re-building vignettes: ... --- re-building ‘NBLAST-Clustering.Rmd’ using rmarkdown Pandoc is required to build R Markdown vignettes but not available. Please make sure it is installed. 2023-07-10 21:31:32.757 R[43986:2287591920] XType: Using static font registry. Quitting from lines 57-60 [unnamed-chunk-5] (NBLAST-Clustering.Rmd) Error: processing vignette 'NBLAST-Clustering.Rmd' failed with diagnostics: Saving a widget with selfcontained = TRUE requires pandoc. See here to learn more https://bookdown.org/yihui/rmarkdown-cookbook/install-pandoc.html --- failed re-building ‘NBLAST-Clustering.Rmd’ SUMMARY: processing the following file failed: ‘NBLAST-Clustering.Rmd’ Error: Vignette re-building failed. Execution halted Flavor: r-release-macos-x86_64