CRAN Package Check Results for Package nat.templatebrains

Last updated on 2024-03-04 22:58:08 CET.

Flavor Version Tinstall Tcheck Ttotal Status Flags
r-devel-linux-x86_64-debian-clang 1.1 8.26 75.99 84.25 OK
r-devel-linux-x86_64-debian-gcc 1.1 5.94 57.39 63.33 OK
r-devel-linux-x86_64-fedora-clang 1.1 106.11 WARN
r-devel-linux-x86_64-fedora-gcc 1.1 101.44 WARN
r-devel-windows-x86_64 1.1 7.00 82.00 89.00 OK
r-patched-linux-x86_64 1.1 15.86 72.54 88.40 OK
r-release-linux-x86_64 1.1 5.08 72.89 77.97 OK
r-release-macos-arm64 1.1 34.00 OK
r-release-macos-x86_64 1.1 68.00 OK
r-release-windows-x86_64 1.1 10.00 93.00 103.00 OK
r-oldrel-macos-arm64 1.1 34.00 OK
r-oldrel-windows-x86_64 1.1 10.00 83.00 93.00 OK

Check Details

Version: 1.1
Check: package dependencies
Result: WARN Requires (indirectly) orphaned package: ‘colorRamps’ Flavors: r-devel-linux-x86_64-fedora-clang, r-devel-linux-x86_64-fedora-gcc