CRAN Package Check Results for Package nbfar

Last updated on 2024-02-21 21:49:46 CET.

Flavor Version Tinstall Tcheck Ttotal Status Flags
r-devel-linux-x86_64-debian-clang 0.1 NOTE
r-devel-linux-x86_64-debian-gcc 0.1 59.00 64.21 123.21 NOTE
r-devel-linux-x86_64-fedora-clang 0.1 193.07 NOTE
r-devel-linux-x86_64-fedora-gcc 0.1 224.63 NOTE
r-devel-windows-x86_64 0.1 54.00 105.00 159.00 NOTE
r-patched-linux-x86_64 0.1 66.72 83.83 150.55 NOTE
r-release-linux-x86_64 0.1 69.65 83.29 152.94 NOTE
r-release-macos-arm64 0.1 68.00 NOTE
r-release-macos-x86_64 0.1 111.00 NOTE
r-release-windows-x86_64 0.1 68.00 123.00 191.00 NOTE
r-oldrel-macos-arm64 0.1 54.00 NOTE
r-oldrel-windows-x86_64 0.1 64.00 120.00 184.00 OK

Check Details

Version: 0.1
Check: C++ specification
Result: NOTE Specified C++11: please drop specification unless essential Flavors: r-devel-linux-x86_64-debian-clang, r-devel-linux-x86_64-debian-gcc, r-devel-linux-x86_64-fedora-clang, r-devel-linux-x86_64-fedora-gcc, r-devel-windows-x86_64, r-patched-linux-x86_64, r-release-linux-x86_64, r-release-macos-arm64, r-release-macos-x86_64, r-release-windows-x86_64

Version: 0.1
Check: dependencies in R code
Result: NOTE Namespaces in Imports field not imported from: ‘glmnet’ ‘rrpack’ All declared Imports should be used. Flavors: r-devel-linux-x86_64-fedora-clang, r-devel-linux-x86_64-fedora-gcc, r-oldrel-macos-arm64

Version: 0.1
Check: installed package size
Result: NOTE installed size is 7.1Mb sub-directories of 1Mb or more: libs 6.8Mb Flavors: r-release-macos-arm64, r-release-macos-x86_64, r-oldrel-macos-arm64