CRAN Package Check Results for Package ncappc

Last updated on 2021-12-08 22:57:43 CET.

Flavor Version Tinstall Tcheck Ttotal Status Flags
r-devel-linux-x86_64-debian-clang 0.3.0 13.65 102.92 116.57 NOTE
r-devel-linux-x86_64-debian-gcc 0.3.0 11.03 77.16 88.19 NOTE
r-devel-linux-x86_64-fedora-clang 0.3.0 140.63 NOTE
r-devel-linux-x86_64-fedora-gcc 0.3.0 132.42 NOTE
r-devel-windows-x86_64-new-UL 0.3.0 25.00 137.00 162.00 NOTE
r-devel-windows-x86_64-new-TK 0.3.0 NOTE
r-devel-windows-x86_64-old 0.3.0 21.00 89.00 110.00 NOTE
r-patched-linux-x86_64 0.3.0 13.65 95.87 109.52 NOTE
r-release-linux-x86_64 0.3.0 13.39 96.34 109.73 NOTE
r-release-macos-arm64 0.3.0 NOTE
r-release-macos-x86_64 0.3.0 NOTE
r-release-windows-ix86+x86_64 0.3.0 23.00 102.00 125.00 NOTE
r-oldrel-macos-x86_64 0.3.0 NOTE
r-oldrel-windows-ix86+x86_64 0.3.0 26.00 112.00 138.00 OK

Check Details

Version: 0.3.0
Check: LazyData
Result: NOTE
     'LazyData' is specified without a 'data' directory
Flavors: r-devel-linux-x86_64-debian-clang, r-devel-linux-x86_64-debian-gcc, r-devel-linux-x86_64-fedora-clang, r-devel-linux-x86_64-fedora-gcc, r-devel-windows-x86_64-new-UL, r-devel-windows-x86_64-new-TK, r-devel-windows-x86_64-old, r-patched-linux-x86_64, r-release-linux-x86_64, r-release-macos-arm64, r-release-macos-x86_64, r-release-windows-ix86+x86_64

Version: 0.3.0
Check: dependencies in R code
Result: NOTE
    Namespace in Imports field not imported from: ‘bookdown’
     All declared Imports should be used.
Flavors: r-devel-linux-x86_64-fedora-clang, r-devel-linux-x86_64-fedora-gcc, r-devel-windows-x86_64-new-TK, r-release-macos-arm64, r-release-macos-x86_64, r-oldrel-macos-x86_64