CRAN Package Check Results for Package ncmeta

Last updated on 2020-02-22 22:47:52 CET.

Flavor Version Tinstall Tcheck Ttotal Status Flags
r-devel-linux-x86_64-debian-clang 0.2.0 5.23 47.90 53.13 OK
r-devel-linux-x86_64-debian-gcc 0.2.0 4.32 35.90 40.22 OK
r-devel-linux-x86_64-fedora-clang 0.2.0 64.99 OK
r-devel-linux-x86_64-fedora-gcc 0.2.0 61.77 OK
r-devel-windows-ix86+x86_64 0.2.0 11.00 59.00 70.00 OK
r-devel-windows-ix86+x86_64-gcc8 0.2.0 17.00 82.00 99.00 OK
r-patched-linux-x86_64 0.2.0 OK
r-patched-solaris-x86 0.2.0 74.50 ERROR
r-release-linux-x86_64 0.2.0 4.85 41.17 46.02 OK
r-release-windows-ix86+x86_64 0.2.0 10.00 62.00 72.00 OK
r-release-osx-x86_64 0.2.0 OK
r-oldrel-windows-ix86+x86_64 0.2.0 7.00 57.00 64.00 OK
r-oldrel-osx-x86_64 0.2.0 OK

Check Details

Version: 0.2.0
Check: tests
Result: ERROR
     Running ‘testthat.R’
    Running the tests in ‘tests/testthat.R’ failed.
    Complete output:
     > library(testthat)
     > library(ncmeta)
     > skip_on_os("solaris")
     Error: Reason: On Solaris
     Execution halted
Flavor: r-patched-solaris-x86