CRAN Package Check Results for Package ncodeR

Last updated on 2024-06-13 22:49:36 CEST.

Flavor Version Tinstall Tcheck Ttotal Status Flags
r-devel-linux-x86_64-debian-clang 0.2.0.1 7.35 59.30 66.65 OK
r-devel-linux-x86_64-debian-gcc 0.2.0.1 5.98 30.42 36.40 ERROR
r-devel-linux-x86_64-fedora-clang 0.2.0.1 83.82 OK
r-devel-linux-x86_64-fedora-gcc 0.2.0.1 79.92 OK
r-devel-windows-x86_64 0.2.0.1 7.00 80.00 87.00 OK
r-patched-linux-x86_64 0.2.0.1 7.98 58.14 66.12 OK
r-release-linux-x86_64 0.2.0.1 6.37 58.78 65.15 OK
r-release-macos-arm64 0.2.0.1 33.00 OK
r-release-macos-x86_64 0.2.0.1 55.00 OK
r-release-windows-x86_64 0.2.0.1 6.00 81.00 87.00 OK
r-oldrel-macos-arm64 0.2.0.1 33.00 OK
r-oldrel-macos-x86_64 0.2.0.1 57.00 OK
r-oldrel-windows-x86_64 0.2.0.1 9.00 82.00 91.00 OK

Check Details

Version: 0.2.0.1
Check: package dependencies
Result: NOTE Package suggested but not available for checking: ‘testthat’ Flavor: r-devel-linux-x86_64-debian-gcc

Version: 0.2.0.1
Check: tests
Result: ERROR Running ‘testthat.R’ [0s/1s] Running the tests in ‘tests/testthat.R’ failed. Complete output: > library(testthat) Error in library(testthat) : there is no package called 'testthat' Execution halted Flavor: r-devel-linux-x86_64-debian-gcc