CRAN Package Check Results for Package ndl

Last updated on 2021-07-31 22:53:40 CEST.

Flavor Version Tinstall Tcheck Ttotal Status Flags
r-devel-linux-x86_64-debian-clang 0.2.18 26.91 68.87 95.78 OK
r-devel-linux-x86_64-debian-gcc 0.2.18 19.16 51.82 70.98 OK
r-devel-linux-x86_64-fedora-clang 0.2.18 129.17 NOTE
r-devel-linux-x86_64-fedora-gcc 0.2.18 113.76 NOTE
r-devel-windows-x86_64 0.2.18 45.00 104.00 149.00 OK
r-devel-windows-x86_64-gcc10-UCRT 0.2.18 NOTE
r-patched-linux-x86_64 0.2.18 OK
r-patched-solaris-x86 0.2.18 144.80 NOTE
r-release-linux-x86_64 0.2.18 21.01 66.22 87.23 OK
r-release-macos-arm64 0.2.18 NOTE
r-release-macos-x86_64 0.2.18 NOTE
r-release-windows-ix86+x86_64 0.2.18 63.00 115.00 178.00 OK
r-oldrel-macos-x86_64 0.2.18 NOTE
r-oldrel-windows-ix86+x86_64 0.2.18 50.00 146.00 196.00 OK

Check Details

Version: 0.2.18
Check: data for non-ASCII characters
Result: NOTE
     Note: found 7332 marked UTF-8 strings
Flavors: r-devel-linux-x86_64-fedora-clang, r-devel-linux-x86_64-fedora-gcc, r-devel-windows-x86_64-gcc10-UCRT, r-patched-solaris-x86, r-release-macos-arm64, r-release-macos-x86_64, r-oldrel-macos-x86_64