CRAN Package Check Results for Package ndtv

Last updated on 2021-06-18 22:54:35 CEST.

Flavor Version Tinstall Tcheck Ttotal Status Flags
r-devel-linux-x86_64-debian-clang 0.13.0 7.50 159.41 166.91 WARN
r-devel-linux-x86_64-debian-gcc 0.13.0 6.05 112.59 118.64 WARN
r-devel-linux-x86_64-fedora-clang 0.13.0 227.23 WARN
r-devel-linux-x86_64-fedora-gcc 0.13.0 129.19 WARN
r-devel-windows-x86_64 0.13.0 12.00 201.00 213.00 OK --no-vignettes
r-devel-windows-x86_64-gcc10-UCRT 0.13.0 WARN
r-patched-linux-x86_64 0.13.0 12.39 147.39 159.78 WARN
r-patched-solaris-x86 0.13.0 296.90 WARN --no-build-vignettes
r-release-linux-x86_64 0.13.0 6.01 146.20 152.21 WARN
r-release-macos-arm64 0.13.0 OK
r-release-macos-x86_64 0.13.0 OK
r-release-windows-ix86+x86_64 0.13.0 14.00 160.00 174.00 OK --no-vignettes
r-oldrel-macos-x86_64 0.13.0 OK
r-oldrel-windows-ix86+x86_64 0.13.0 9.00 222.00 231.00 OK --no-vignettes

Check Details

Version: 0.13.0
Check: package dependencies
Result: NOTE
    Package suggested but not available for checking: 'tergm'
Flavors: r-devel-linux-x86_64-debian-clang, r-devel-linux-x86_64-debian-gcc, r-devel-linux-x86_64-fedora-clang, r-devel-linux-x86_64-fedora-gcc, r-devel-windows-x86_64-gcc10-UCRT, r-patched-linux-x86_64, r-release-linux-x86_64

Version: 0.13.0
Check: re-building of vignette outputs
Result: WARN
    Error(s) in re-building vignettes:
     ...
    --- re-building 'ndtv.Rnw' using Sweave
    Loading required package: network
    
    'network' 1.17.1 (2021-06-12), part of the Statnet Project
    * 'news(package="network")' for changes since last version
    * 'citation("network")' for citation information
    * 'https://statnet.org' for help, support, and other information
    
    Loading required package: networkDynamic
    
    'networkDynamic' 0.10.1 (2020-01-16), part of the Statnet Project
    * 'news(package="networkDynamic")' for changes since last version
    * 'citation("networkDynamic")' for citation information
    * 'https://statnet.org' for help, support, and other information
    
    Loading required package: animation
    Loading required package: sna
    Loading required package: statnet.common
    
    Attaching package: 'statnet.common'
    
    The following objects are masked from 'package:base':
    
     attr, order
    
    sna: Tools for Social Network Analysis
    Version 2.6 created on 2020-10-5.
    copyright (c) 2005, Carter T. Butts, University of California-Irvine
     For citation information, type citation("sna").
     Type help(package="sna") to get started.
    
    
    'ndtv' 0.13.0 (2019-05-21), part of the Statnet Project
    * 'news(package="ndtv")' for changes since last version
    * 'citation("ndtv")' for citation information
    * 'https://statnet.org' for help, support, and other information
    
    No slice.par found, using
    Calculating layout for network slice from time 1 to 2
    Calculating layout for network slice from time 2 to 3
    Calculating layout for network slice from time 3 to 4
    Calculating layout for network slice from time 4 to 5
    Calculating layout for network slice from time 5 to 6
    Calculating layout for network slice from time 6 to 7
    Calculating layout for network slice from time 7 to 8
    Calculating layout for network slice from time 8 to 9
    Calculating layout for network slice from time 9 to 10
    Calculating layout for network slice from time 10 to 11
    Calculating layout for network slice from time 11 to 12
    Calculating layout for network slice from time 12 to 13
    rendering 10 frames for slice 0
    rendering 10 frames for slice 1
    rendering 10 frames for slice 2
    rendering 10 frames for slice 3
    rendering 10 frames for slice 4
    rendering 10 frames for slice 5
    rendering 10 frames for slice 6
    rendering 10 frames for slice 7
    rendering 10 frames for slice 8
    rendering 10 frames for slice 9
    rendering 10 frames for slice 10
    rendering 10 frames for slice 11
    Loading required package: tergm
    Warning in library(package, lib.loc = lib.loc, character.only = TRUE, logical.return = TRUE, :
     there is no package called 'tergm'
    Warning in data("florentine") : data set 'florentine' not found
    
    Error: processing vignette 'ndtv.Rnw' failed with diagnostics:
     chunk 6 (label = loading_data)
    Error in plot(flobusiness, displaylabels = TRUE) :
     object 'flobusiness' not found
    
    --- failed re-building 'ndtv.Rnw'
    
    SUMMARY: processing the following file failed:
     'ndtv.Rnw'
    
    Error: Vignette re-building failed.
    Execution halted
Flavor: r-devel-linux-x86_64-debian-clang

Version: 0.13.0
Check: for non-standard things in the check directory
Result: NOTE
    Found the following files/directories:
     'testNet.dot' 'toy_epi_sim.net'
Flavors: r-devel-linux-x86_64-debian-clang, r-devel-linux-x86_64-debian-gcc, r-devel-linux-x86_64-fedora-clang, r-devel-linux-x86_64-fedora-gcc, r-patched-linux-x86_64, r-release-linux-x86_64

Version: 0.13.0
Check: re-building of vignette outputs
Result: WARN
    Error(s) in re-building vignettes:
     ...
    --- re-building ‘ndtv.Rnw’ using Sweave
    Loading required package: network
    
    ‘network’ 1.17.1 (2021-06-12), part of the Statnet Project
    * ‘news(package="network")’ for changes since last version
    * ‘citation("network")’ for citation information
    * ‘https://statnet.org’ for help, support, and other information
    
    Loading required package: networkDynamic
    
    ‘networkDynamic’ 0.11.0 (2021-06-12), part of the Statnet Project
    * ‘news(package="networkDynamic")’ for changes since last version
    * ‘citation("networkDynamic")’ for citation information
    * ‘https://statnet.org’ for help, support, and other information
    
    Loading required package: animation
    Loading required package: sna
    Loading required package: statnet.common
    
    Attaching package: ‘statnet.common’
    
    The following objects are masked from ‘package:base’:
    
     attr, order
    
    sna: Tools for Social Network Analysis
    Version 2.6 created on 2020-10-5.
    copyright (c) 2005, Carter T. Butts, University of California-Irvine
     For citation information, type citation("sna").
     Type help(package="sna") to get started.
    
    
    ‘ndtv’ 0.13.0 (2019-05-21), part of the Statnet Project
    * ‘news(package="ndtv")’ for changes since last version
    * ‘citation("ndtv")’ for citation information
    * ‘https://statnet.org’ for help, support, and other information
    
    No slice.par found, using
    Calculating layout for network slice from time 1 to 2
    Calculating layout for network slice from time 2 to 3
    Calculating layout for network slice from time 3 to 4
    Calculating layout for network slice from time 4 to 5
    Calculating layout for network slice from time 5 to 6
    Calculating layout for network slice from time 6 to 7
    Calculating layout for network slice from time 7 to 8
    Calculating layout for network slice from time 8 to 9
    Calculating layout for network slice from time 9 to 10
    Calculating layout for network slice from time 10 to 11
    Calculating layout for network slice from time 11 to 12
    Calculating layout for network slice from time 12 to 13
    rendering 10 frames for slice 0
    rendering 10 frames for slice 1
    rendering 10 frames for slice 2
    rendering 10 frames for slice 3
    rendering 10 frames for slice 4
    rendering 10 frames for slice 5
    rendering 10 frames for slice 6
    rendering 10 frames for slice 7
    rendering 10 frames for slice 8
    rendering 10 frames for slice 9
    rendering 10 frames for slice 10
    rendering 10 frames for slice 11
    Loading required package: tergm
    Warning in library(package, lib.loc = lib.loc, character.only = TRUE, logical.return = TRUE, :
     there is no package called ‘tergm’
    Warning in data("florentine") : data set ‘florentine’ not found
    
    Error: processing vignette 'ndtv.Rnw' failed with diagnostics:
     chunk 6 (label = loading_data)
    Error in plot(flobusiness, displaylabels = TRUE) :
     object ‘flobusiness’ not found
    
    --- failed re-building ‘ndtv.Rnw’
    
    SUMMARY: processing the following file failed:
     ‘ndtv.Rnw’
    
    Error: Vignette re-building failed.
    Execution halted
Flavors: r-devel-linux-x86_64-debian-gcc, r-patched-linux-x86_64, r-release-linux-x86_64

Version: 0.13.0
Check: re-building of vignette outputs
Result: WARN
    Error(s) in re-building vignettes:
    --- re-building ‘ndtv.Rnw’ using Sweave
    Loading required package: network
    
    ‘network’ 1.17.1 (2021-06-12), part of the Statnet Project
    * ‘news(package="network")’ for changes since last version
    * ‘citation("network")’ for citation information
    * ‘https://statnet.org’ for help, support, and other information
    
    Loading required package: networkDynamic
    
    ‘networkDynamic’ 0.11.0 (2021-06-12), part of the Statnet Project
    * ‘news(package="networkDynamic")’ for changes since last version
    * ‘citation("networkDynamic")’ for citation information
    * ‘https://statnet.org’ for help, support, and other information
    
    Loading required package: animation
    Loading required package: sna
    Loading required package: statnet.common
    
    Attaching package: ‘statnet.common’
    
    The following objects are masked from ‘package:base’:
    
     attr, order
    
    sna: Tools for Social Network Analysis
    Version 2.6 created on 2020-10-5.
    copyright (c) 2005, Carter T. Butts, University of California-Irvine
     For citation information, type citation("sna").
     Type help(package="sna") to get started.
    
    
    ‘ndtv’ 0.13.0 (2019-05-21), part of the Statnet Project
    * ‘news(package="ndtv")’ for changes since last version
    * ‘citation("ndtv")’ for citation information
    * ‘https://statnet.org’ for help, support, and other information
    
    No slice.par found, using
    Calculating layout for network slice from time 1 to 2
    Calculating layout for network slice from time 2 to 3
    Calculating layout for network slice from time 3 to 4
    Calculating layout for network slice from time 4 to 5
    Calculating layout for network slice from time 5 to 6
    Calculating layout for network slice from time 6 to 7
    Calculating layout for network slice from time 7 to 8
    Calculating layout for network slice from time 8 to 9
    Calculating layout for network slice from time 9 to 10
    Calculating layout for network slice from time 10 to 11
    Calculating layout for network slice from time 11 to 12
    Calculating layout for network slice from time 12 to 13
    rendering 10 frames for slice 0
    rendering 10 frames for slice 1
    rendering 10 frames for slice 2
    rendering 10 frames for slice 3
    rendering 10 frames for slice 4
    rendering 10 frames for slice 5
    rendering 10 frames for slice 6
    rendering 10 frames for slice 7
    rendering 10 frames for slice 8
    rendering 10 frames for slice 9
    rendering 10 frames for slice 10
    rendering 10 frames for slice 11
    Loading required package: tergm
    Warning in library(package, lib.loc = lib.loc, character.only = TRUE, logical.return = TRUE, :
     there is no package called ‘tergm’
    Warning in data("florentine") : data set ‘florentine’ not found
    
    Error: processing vignette 'ndtv.Rnw' failed with diagnostics:
     chunk 6 (label = loading_data)
    Error in plot(flobusiness, displaylabels = TRUE) :
     object 'flobusiness' not found
    
    --- failed re-building ‘ndtv.Rnw’
    
    SUMMARY: processing the following file failed:
     ‘ndtv.Rnw’
    
    Error: Vignette re-building failed.
    Execution halted
Flavors: r-devel-linux-x86_64-fedora-clang, r-devel-linux-x86_64-fedora-gcc

Version: 0.13.0
Check: running R code from vignettes
Result: WARN
    Errors in running code in vignettes:
    when running code in 'ndtv.Rnw'
     ...
     there is no package called 'tergm'
    
    > data("florentine")
    Warning in data("florentine") : data set 'florentine' not found
    
    > plot(flobusiness, displaylabels = TRUE)
    
     When sourcing 'ndtv.R':
    Error: object 'flobusiness' not found
    Execution halted
    
     'ndtv.Rnw'... failed
Flavor: r-devel-windows-x86_64-gcc10-UCRT

Version: 0.13.0
Check: re-building of vignette outputs
Result: NOTE
    Error(s) in re-building vignettes:
    --- re-building 'ndtv.Rnw' using Sweave
    Loading required package: network
    
    'network' 1.17.1 (2021-06-12), part of the Statnet Project
    * 'news(package="network")' for changes since last version
    * 'citation("network")' for citation information
    * 'https://statnet.org' for help, support, and other information
    
    Loading required package: networkDynamic
    
    'networkDynamic' 0.11.0 (2021-06-12), part of the Statnet Project
    * 'news(package="networkDynamic")' for changes since last version
    * 'citation("networkDynamic")' for citation information
    * 'https://statnet.org' for help, support, and other information
    
    Loading required package: animation
    Loading required package: sna
    Loading required package: statnet.common
    
    Attaching package: 'statnet.common'
    
    The following objects are masked from 'package:base':
    
     attr, order
    
    sna: Tools for Social Network Analysis
    Version 2.6 created on 2020-10-5.
    copyright (c) 2005, Carter T. Butts, University of California-Irvine
     For citation information, type citation("sna").
     Type help(package="sna") to get started.
    
    
    'ndtv' 0.13.0 (2019-05-21), part of the Statnet Project
    * 'news(package="ndtv")' for changes since last version
    * 'citation("ndtv")' for citation information
    * 'https://statnet.org' for help, support, and other information
    
    No slice.par found, using
    Calculating layout for network slice from time 1 to 2
    Calculating layout for network slice from time 2 to 3
    Calculating layout for network slice from time 3 to 4
    Calculating layout for network slice from time 4 to 5
    Calculating layout for network slice from time 5 to 6
    Calculating layout for network slice from time 6 to 7
    Calculating layout for network slice from time 7 to 8
    Calculating layout for network slice from time 8 to 9
    Calculating layout for network slice from time 9 to 10
    Calculating layout for network slice from time 10 to 11
    Calculating layout for network slice from time 11 to 12
    Calculating layout for network slice from time 12 to 13
    rendering 10 frames for slice 0
    rendering 10 frames for slice 1
    rendering 10 frames for slice 2
    rendering 10 frames for slice 3
    rendering 10 frames for slice 4
    rendering 10 frames for slice 5
    rendering 10 frames for slice 6
    rendering 10 frames for slice 7
    rendering 10 frames for slice 8
    rendering 10 frames for slice 9
    rendering 10 frames for slice 10
    rendering 10 frames for slice 11
    Loading required package: tergm
    Warning in library(package, lib.loc = lib.loc, character.only = TRUE, logical.return = TRUE, :
     there is no package called 'tergm'
    Warning in data("florentine") : data set 'florentine' not found
    
    Error: processing vignette 'ndtv.Rnw' failed with diagnostics:
     chunk 6 (label = loading_data)
    Error in plot(flobusiness, displaylabels = TRUE) :
     object 'flobusiness' not found
    
    --- failed re-building 'ndtv.Rnw'
    
    SUMMARY: processing the following file failed:
     'ndtv.Rnw'
    
    Error: Vignette re-building failed.
    Execution halted
Flavor: r-devel-windows-x86_64-gcc10-UCRT

Version: 0.13.0
Flags: --no-build-vignettes
Check: package dependencies
Result: NOTE
    Package suggested but not available for checking: ‘tergm’
Flavor: r-patched-solaris-x86

Version: 0.13.0
Flags: --no-build-vignettes
Check: running R code from vignettes
Result: WARN
    Errors in running code in vignettes:
    when running code in ‘ndtv.Rnw’
     ...
    
    > options(keep.source = TRUE, width = 60)
    
    > foo <- packageDescription("ndtv")
    
    > library(ndtv)
    Loading required package: network
    
    ‘network’ 1.17.1 (2021-06-12), part of the Statnet Project
    * ‘news(package="network")’ for changes since last version
    * ‘citation("network")’ for citation information
    * ‘https://statnet.org’ for help, support, and other information
    
    Loading required package: networkDynamic
    
    ‘networkDynamic’ 0.11.0 (2021-06-12), part of the Statnet Project
    * ‘news(package="networkDynamic")’ for changes since last version
    * ‘citation("networkDynamic")’ for citation information
    * ‘https://statnet.org’ for help, support, and other information
    
    Loading required package: animation
    Loading required package: sna
    Loading required package: statnet.common
    
    Attaching package: ‘statnet.common’
    
    The following objects are masked from ‘package:base’:
    
     attr, order
    
    sna: Tools for Social Network Analysis
    Version 2.6 created on 2020-10-5.
    copyright (c) 2005, Carter T. Butts, University of California-Irvine
     For citation information, type citation("sna").
     Type help(package="sna") to get started.
    
    
    ‘ndtv’ 0.13.0 (2019-05-21), part of the Statnet Project
    * ‘news(package="ndtv")’ for changes since last version
    * ‘citation("ndtv")’ for citation information
    * ‘https://statnet.org’ for help, support, and other information
    
    
    > wheel <- network.initialize(10)
    
    > add.edges.active(wheel, tail = 1:9, head = c(2:9,
    + 1), onset = 1:9, terminus = 11)
    
    > add.edges.active(wheel, tail = 10, head = c(1:9),
    + onset = 10, terminus = 12)
    
    > plot(wheel)
    
    > render.animation(wheel)
    No slice.par found, using
    slice parameters:
     start:1
     end:12
     interval:1
     aggregate.dur:1
     rule:latest
    
    Calculating layout for network slice from time 1 to 2
    Calculating layout for network slice from time 2 to 3
    Calculating layout for network slice from time 3 to 4
    Calculating layout for network slice from time 4 to 5
    Calculating layout for network slice from time 5 to 6
    Calculating layout for network slice from time 6 to 7
    Calculating layout for network slice from time 7 to 8
    Calculating layout for network slice from time 8 to 9
    Calculating layout for network slice from time 9 to 10
    Calculating layout for network slice from time 10 to 11
    Calculating layout for network slice from time 11 to 12
    Calculating layout for network slice from time 12 to 13
    rendering 10 frames for slice 0
    rendering 10 frames for slice 1
    rendering 10 frames for slice 2
    rendering 10 frames for slice 3
    rendering 10 frames for slice 4
    rendering 10 frames for slice 5
    rendering 10 frames for slice 6
    rendering 10 frames for slice 7
    rendering 10 frames for slice 8
    rendering 10 frames for slice 9
    rendering 10 frames for slice 10
    rendering 10 frames for slice 11
    
    > ani.replay()
    
    > plot(wheel, displaylabels = TRUE)
    
    > plot(wheel, displaylabels = TRUE)
    
    > require(ndtv)
    
    > require(tergm)
    Loading required package: tergm
    Warning in library(package, lib.loc = lib.loc, character.only = TRUE, logical.return = TRUE, :
     there is no package called ‘tergm’
    
    > data("florentine")
    Warning in data("florentine") : data set ‘florentine’ not found
    
    > plot(flobusiness, displaylabels = TRUE)
    
     When sourcing ‘ndtv.R’:
    Error: object 'flobusiness' not found
    Execution halted
    
     ‘ndtv.Rnw’... failed
Flavor: r-patched-solaris-x86

Version: 0.13.0
Flags: --no-build-vignettes
Check: for non-standard things in the check directory
Result: NOTE
    Found the following files/directories:
     ‘testNet.dot’ ‘toy_epi_sim.net’
Flavor: r-patched-solaris-x86