CRAN Package Check Results for Package neatmaps

Last updated on 2024-02-24 21:40:27 CET.

Flavor Version Tinstall Tcheck Ttotal Status Flags
r-devel-linux-x86_64-debian-clang 2.1.0 11.49 96.23 107.72 OK
r-devel-linux-x86_64-debian-gcc 2.1.0 7.52 70.32 77.84 OK
r-devel-linux-x86_64-fedora-clang 2.1.0 124.62 NOTE
r-devel-linux-x86_64-fedora-gcc 2.1.0 119.94 OK
r-devel-windows-x86_64 2.1.0 9.00 86.00 95.00 NOTE
r-patched-linux-x86_64 2.1.0 6.54 89.81 96.35 OK
r-release-linux-x86_64 2.1.0 6.38 90.17 96.55 OK
r-release-macos-arm64 2.1.0 41.00 NOTE
r-release-macos-x86_64 2.1.0 59.00 NOTE
r-release-windows-x86_64 2.1.0 12.00 109.00 121.00 NOTE
r-oldrel-macos-arm64 2.1.0 41.00 NOTE
r-oldrel-windows-x86_64 2.1.0 13.00 105.00 118.00 NOTE

Check Details

Version: 2.1.0
Check: installed package size
Result: NOTE installed size is 6.3Mb Flavors: r-devel-linux-x86_64-fedora-clang, r-devel-windows-x86_64, r-release-macos-arm64, r-release-macos-x86_64, r-release-windows-x86_64, r-oldrel-macos-arm64, r-oldrel-windows-x86_64