CRAN Package Check Results for Package neo4jshell

Last updated on 2021-12-01 22:53:18 CET.

Flavor Version Tinstall Tcheck Ttotal Status Flags
r-devel-linux-x86_64-debian-clang 0.1.1 2.43 25.11 27.54 NOTE
r-devel-linux-x86_64-debian-gcc 0.1.1 1.73 20.02 21.75 NOTE
r-devel-linux-x86_64-fedora-clang 0.1.1 47.32 NOTE
r-devel-linux-x86_64-fedora-gcc 0.1.1 35.38 NOTE
r-devel-windows-x86_64-new-UL 0.1.1 8.00 68.00 76.00 NOTE
r-devel-windows-x86_64-new-TK 0.1.1 NOTE
r-devel-windows-x86_64-old 0.1.1 5.00 38.00 43.00 NOTE
r-patched-linux-x86_64 0.1.1 2.28 24.91 27.19 NOTE
r-release-linux-x86_64 0.1.1 2.22 24.64 26.86 NOTE
r-release-macos-arm64 0.1.1 NOTE
r-release-macos-x86_64 0.1.1 NOTE
r-release-windows-ix86+x86_64 0.1.1 6.00 43.00 49.00 NOTE
r-oldrel-macos-x86_64 0.1.1 OK
r-oldrel-windows-ix86+x86_64 0.1.1 6.00 43.00 49.00 OK

Check Details

Version: 0.1.1
Check: LazyData
Result: NOTE
     'LazyData' is specified without a 'data' directory
Flavors: r-devel-linux-x86_64-debian-clang, r-devel-linux-x86_64-debian-gcc, r-devel-linux-x86_64-fedora-clang, r-devel-linux-x86_64-fedora-gcc, r-devel-windows-x86_64-new-UL, r-devel-windows-x86_64-new-TK, r-devel-windows-x86_64-old, r-patched-linux-x86_64, r-release-linux-x86_64, r-release-macos-arm64, r-release-macos-x86_64, r-release-windows-ix86+x86_64