CRAN Package Check Results for Package neo4r

Last updated on 2020-01-18 22:48:38 CET.

Flavor Version Tinstall Tcheck Ttotal Status Flags
r-devel-linux-x86_64-debian-clang 0.1.1 6.61 41.67 48.28 OK
r-devel-linux-x86_64-debian-gcc 0.1.1 5.53 32.48 38.01 OK
r-devel-linux-x86_64-fedora-clang 0.1.1 58.78 NOTE
r-devel-linux-x86_64-fedora-gcc 0.1.1 55.93 NOTE
r-devel-windows-ix86+x86_64 0.1.1 25.00 80.00 105.00 OK
r-devel-windows-ix86+x86_64-gcc8 0.1.1 17.00 96.00 113.00 OK
r-patched-linux-x86_64 0.1.1 5.93 37.13 43.06 OK
r-patched-solaris-x86 0.1.1 77.80 NOTE
r-release-linux-x86_64 0.1.1 5.93 37.38 43.31 OK
r-release-windows-ix86+x86_64 0.1.1 23.00 85.00 108.00 OK
r-release-osx-x86_64 0.1.1 NOTE
r-oldrel-windows-ix86+x86_64 0.1.1 11.00 55.00 66.00 OK
r-oldrel-osx-x86_64 0.1.1 NOTE

Check Details

Version: 0.1.1
Check: dependencies in R code
Result: NOTE
    Namespaces in Imports field not imported from:
     ‘igraph’ ‘rlang’ ‘tidyselect’
     All declared Imports should be used.
Flavors: r-devel-linux-x86_64-fedora-clang, r-devel-linux-x86_64-fedora-gcc, r-patched-solaris-x86, r-release-osx-x86_64, r-oldrel-osx-x86_64