CRAN Package Check Results for Package neonUtilities

Last updated on 2021-05-11 22:49:55 CEST.

Flavor Version Tinstall Tcheck Ttotal Status Flags
r-devel-linux-x86_64-debian-clang 2.0.1 7.30 48.32 55.62 OK
r-devel-linux-x86_64-debian-gcc 2.0.1 5.46 36.61 42.07 OK
r-devel-linux-x86_64-fedora-clang 2.0.1 74.76 OK
r-devel-linux-x86_64-fedora-gcc 2.0.1 65.01 OK
r-devel-windows-ix86+x86_64 2.0.1 16.00 67.00 83.00 OK
r-devel-windows-x86_64-gcc10-UCRT 2.0.1 NOTE
r-patched-linux-x86_64 2.0.1 5.95 46.23 52.18 OK
r-patched-solaris-x86 2.0.1 94.20 OK
r-release-linux-x86_64 2.0.1 7.16 45.29 52.45 OK
r-release-macos-x86_64 2.0.1 OK
r-release-windows-ix86+x86_64 2.0.1 10.00 48.00 58.00 OK
r-oldrel-macos-x86_64 2.0.1 OK
r-oldrel-windows-ix86+x86_64 2.0.1 11.00 63.00 74.00 OK

Check Details

Version: 2.0.1
Check: package dependencies
Result: NOTE
    Package suggested but not available for checking: 'rhdf5'
Flavor: r-devel-windows-x86_64-gcc10-UCRT