Last updated on 2023-09-26 23:04:19 CEST.
Flavor | Version | Tinstall | Tcheck | Ttotal | Status | Flags |
---|---|---|---|---|---|---|
r-devel-linux-x86_64-debian-clang | 0.4.4 | 9.07 | 72.47 | 81.54 | OK | |
r-devel-linux-x86_64-debian-gcc | 0.4.4 | 6.75 | 52.77 | 59.52 | OK | |
r-devel-linux-x86_64-fedora-clang | 0.4.4 | 101.49 | OK | |||
r-devel-linux-x86_64-fedora-gcc | 0.4.4 | 102.53 | OK | |||
r-devel-windows-x86_64 | 0.4.4 | 9.00 | 74.00 | 83.00 | OK | |
r-patched-linux-x86_64 | 0.4.4 | 8.47 | 67.24 | 75.71 | OK | |
r-release-linux-x86_64 | 0.4.4 | 8.43 | 68.11 | 76.54 | OK | |
r-release-macos-arm64 | 0.4.4 | 33.00 | NOTE | |||
r-release-macos-x86_64 | 0.4.4 | 49.00 | NOTE | |||
r-release-windows-x86_64 | 0.4.4 | 11.00 | 83.00 | 94.00 | OK | |
r-oldrel-macos-arm64 | 0.4.4 | 27.00 | NOTE | |||
r-oldrel-macos-x86_64 | 0.4.4 | 42.00 | OK | |||
r-oldrel-windows-x86_64 | 0.4.4 | 10.00 | 83.00 | 93.00 | OK |
Version: 0.4.4
Check: package dependencies
Result: NOTE
Package suggested but not available for checking: ‘rhdf5’
Flavors: r-release-macos-arm64, r-release-macos-x86_64, r-oldrel-macos-arm64