Last updated on 2024-04-18 22:52:50 CEST.
Flavor | Version | Tinstall | Tcheck | Ttotal | Status | Flags |
---|---|---|---|---|---|---|
r-devel-linux-x86_64-debian-clang | 0.6.2 | 12.86 | 108.51 | 121.37 | NOTE | |
r-devel-linux-x86_64-debian-gcc | 0.6.2 | 8.82 | 78.21 | 87.03 | NOTE | |
r-devel-linux-x86_64-fedora-clang | 0.6.2 | 143.81 | NOTE | |||
r-devel-linux-x86_64-fedora-gcc | 0.6.2 | 154.61 | NOTE | |||
r-prerel-macos-arm64 | 0.6.2 | 58.00 | NOTE | |||
r-prerel-windows-x86_64 | 0.6.2 | 13.00 | 104.00 | 117.00 | NOTE | |
r-patched-linux-x86_64 | 0.6.2 | 6.94 | 100.39 | 107.33 | NOTE | |
r-release-linux-x86_64 | 0.6.2 | 7.11 | 101.96 | 109.07 | OK | |
r-release-macos-arm64 | 0.6.2 | 67.00 | OK | |||
r-release-macos-x86_64 | 0.6.2 | 103.00 | OK | |||
r-release-windows-x86_64 | 0.6.2 | 12.00 | 118.00 | 130.00 | OK | |
r-oldrel-macos-arm64 | 0.6.2 | 56.00 | OK | |||
r-oldrel-windows-x86_64 | 0.6.2 | 14.00 | 113.00 | 127.00 | OK |
Version: 0.6.2
Check: Rd files
Result: NOTE
checkRd: (-1) PVmodule.Rd:27: Lost braces; missing escapes or markup?
27 | In the resulting netSEM model, time was used as a proxy for damp heat exposure stress (S) variable and $P_{max}$ (maximum power generated by the modules) was used as the performance level response ($R$) variable, several mechanistic variables ($M$) were obtained through chemical evaluation methods, including FTIR and TGA on EVA encapsulant.
| ^
checkRd: (-1) netSEMp1.Rd:55: Lost braces
55 | For example, in the quadratic functional form y ~ b0 + b1x + b2x^2, the three P-values correspond two those of \\hat{b0}, \\hat{b1} and \\hat{b2}, respectively.
| ^
checkRd: (-1) netSEMp1.Rd:55: Lost braces
55 | For example, in the quadratic functional form y ~ b0 + b1x + b2x^2, the three P-values correspond two those of \\hat{b0}, \\hat{b1} and \\hat{b2}, respectively.
| ^
checkRd: (-1) netSEMp1.Rd:55: Lost braces
55 | For example, in the quadratic functional form y ~ b0 + b1x + b2x^2, the three P-values correspond two those of \\hat{b0}, \\hat{b1} and \\hat{b2}, respectively.
| ^
Flavors: r-devel-linux-x86_64-debian-clang, r-devel-linux-x86_64-debian-gcc, r-devel-linux-x86_64-fedora-clang, r-devel-linux-x86_64-fedora-gcc, r-prerel-macos-arm64, r-prerel-windows-x86_64, r-patched-linux-x86_64