CRAN Package Check Results for Package netdiffuseR

Last updated on 2019-07-16 07:50:55 CEST.

Flavor Version Tinstall Tcheck Ttotal Status Flags
r-devel-linux-x86_64-debian-clang 1.20.2 119.50 307.66 427.16 OK
r-devel-linux-x86_64-debian-gcc 1.20.2 105.82 233.79 339.61 OK
r-devel-linux-x86_64-fedora-clang 1.20.2 538.55 NOTE
r-devel-linux-x86_64-fedora-gcc 1.20.2 542.27 OK
r-devel-windows-ix86+x86_64 1.20.2 342.00 344.00 686.00 NOTE --no-vignettes
r-patched-linux-x86_64 1.20.2 115.79 307.33 423.12 OK
r-patched-solaris-x86 1.20.2 655.20 OK
r-release-linux-x86_64 1.20.2 114.22 305.12 419.34 OK
r-release-windows-ix86+x86_64 1.20.2 267.00 342.00 609.00 NOTE --no-vignettes
r-release-osx-x86_64 1.20.2 NOTE
r-oldrel-windows-ix86+x86_64 1.20.2 326.00 221.00 547.00 NOTE --no-vignettes
r-oldrel-osx-x86_64 1.20.2 NOTE

Check Details

Version: 1.20.2
Check: installed package size
Result: NOTE
     installed size is 10.5Mb
     sub-directories of 1Mb or more:
     doc 2.3Mb
     libs 6.5Mb
Flavors: r-devel-linux-x86_64-fedora-clang, r-release-osx-x86_64, r-oldrel-osx-x86_64

Version: 1.20.2
Flags: --no-vignettes
Check: installed package size
Result: NOTE
     installed size is 6.2Mb
     sub-directories of 1Mb or more:
     doc 2.3Mb
     libs 2.2Mb
Flavors: r-devel-windows-ix86+x86_64, r-release-windows-ix86+x86_64, r-oldrel-windows-ix86+x86_64