CRAN Package Check Results for Package netdiffuseR

Last updated on 2019-10-16 22:56:03 CEST.

Flavor Version Tinstall Tcheck Ttotal Status Flags
r-devel-linux-x86_64-debian-clang 1.20.2 142.71 308.56 451.27 OK
r-devel-linux-x86_64-debian-gcc 1.20.2 114.01 235.23 349.24 OK
r-devel-linux-x86_64-fedora-clang 1.20.2 553.12 NOTE
r-devel-linux-x86_64-fedora-gcc 1.20.2 591.72 OK
r-devel-windows-ix86+x86_64 1.20.2 349.00 252.00 601.00 NOTE --no-vignettes
r-patched-linux-x86_64 1.20.2 112.54 297.66 410.20 OK
r-patched-solaris-x86 1.20.2 600.50 OK
r-release-linux-x86_64 1.20.2 116.45 303.24 419.69 OK
r-release-windows-ix86+x86_64 1.20.2 229.00 379.00 608.00 NOTE --no-vignettes
r-release-osx-x86_64 1.20.2 NOTE
r-oldrel-windows-ix86+x86_64 1.20.2 233.00 331.00 564.00 NOTE --no-vignettes
r-oldrel-osx-x86_64 1.20.2 NOTE

Check Details

Version: 1.20.2
Check: installed package size
Result: NOTE
     installed size is 11.6Mb
     sub-directories of 1Mb or more:
     doc 2.3Mb
     libs 7.6Mb
Flavors: r-devel-linux-x86_64-fedora-clang, r-release-osx-x86_64, r-oldrel-osx-x86_64

Version: 1.20.2
Flags: --no-vignettes
Check: installed package size
Result: NOTE
     installed size is 6.2Mb
     sub-directories of 1Mb or more:
     doc 2.3Mb
     libs 2.3Mb
Flavors: r-devel-windows-ix86+x86_64, r-release-windows-ix86+x86_64, r-oldrel-windows-ix86+x86_64