CRAN Package Check Results for Package netmeta

Last updated on 2024-02-26 23:03:46 CET.

Flavor Version Tinstall Tcheck Ttotal Status Flags
r-devel-linux-x86_64-debian-clang 2.9-0 36.07 602.21 638.28 OK
r-devel-linux-x86_64-debian-gcc 2.9-0 33.60 449.33 482.93 OK
r-devel-linux-x86_64-fedora-clang 2.9-0 776.62 NOTE
r-devel-linux-x86_64-fedora-gcc 2.9-0 686.19 NOTE
r-devel-windows-x86_64 2.9-0 32.00 483.00 515.00 OK
r-patched-linux-x86_64 2.9-0 48.46 591.24 639.70 OK
r-release-linux-x86_64 2.9-0 26.91 583.29 610.20 OK
r-release-macos-arm64 2.9-0 159.00 OK
r-release-macos-x86_64 2.9-0 353.00 OK
r-release-windows-x86_64 2.9-0 44.00 644.00 688.00 OK
r-oldrel-macos-arm64 2.9-0 148.00 OK
r-oldrel-windows-x86_64 2.9-0 45.00 622.00 667.00 OK

Check Details

Version: 2.9-0
Check: Rd cross-references
Result: NOTE Undeclared package ‘crossnma’ in Rd xrefs Flavor: r-devel-linux-x86_64-fedora-clang

Version: 2.9-0
Check: data for non-ASCII characters
Result: NOTE Note: found 2 marked UTF-8 strings Flavors: r-devel-linux-x86_64-fedora-clang, r-devel-linux-x86_64-fedora-gcc