CRAN Package Check Results for Package netmhc2pan

Last updated on 2021-10-16 22:52:59 CEST.

Flavor Version Tinstall Tcheck Ttotal Status Flags
r-devel-linux-x86_64-debian-clang 1.3.1 3.23 31.52 34.75 NOTE
r-devel-linux-x86_64-debian-gcc 1.3.1 2.57 24.58 27.15 NOTE
r-devel-linux-x86_64-fedora-clang 1.3.1 53.68 NOTE
r-devel-linux-x86_64-fedora-gcc 1.3.1 42.42 NOTE
r-devel-windows-x86_64 1.3.1 25.00 42.00 67.00 NOTE
r-devel-windows-x86_64-gcc10-UCRT 1.3.1 NOTE
r-patched-linux-x86_64 1.3.1 3.85 30.85 34.70 NOTE
r-patched-solaris-x86 1.3.1 62.90 NOTE
r-release-linux-x86_64 1.3.1 2.81 30.60 33.41 NOTE
r-release-macos-arm64 1.3.1 NOTE
r-release-macos-x86_64 1.3.1 NOTE
r-release-windows-ix86+x86_64 1.3.1 13.00 53.00 66.00 NOTE
r-oldrel-macos-x86_64 1.3.1 OK
r-oldrel-windows-ix86+x86_64 1.3.1 10.00 59.00 69.00 OK

Check Details

Version: 1.3.1
Check: LazyData
Result: NOTE
     'LazyData' is specified without a 'data' directory
Flavors: r-devel-linux-x86_64-debian-clang, r-devel-linux-x86_64-debian-gcc, r-devel-linux-x86_64-fedora-clang, r-devel-linux-x86_64-fedora-gcc, r-devel-windows-x86_64, r-devel-windows-x86_64-gcc10-UCRT, r-patched-linux-x86_64, r-patched-solaris-x86, r-release-linux-x86_64, r-release-macos-arm64, r-release-macos-x86_64, r-release-windows-ix86+x86_64