CRAN Package Check Results for Package networkDynamic

Last updated on 2019-12-11 22:51:15 CET.

Flavor Version Tinstall Tcheck Ttotal Status Flags
r-devel-linux-x86_64-debian-clang 0.10.0 13.04 107.11 120.15 WARN
r-devel-linux-x86_64-debian-gcc 0.10.0 9.40 78.56 87.96 WARN
r-devel-linux-x86_64-fedora-clang 0.10.0 140.34 WARN
r-devel-linux-x86_64-fedora-gcc 0.10.0 134.43 WARN
r-devel-windows-ix86+x86_64 0.10.0 23.00 226.00 249.00 OK
r-devel-windows-ix86+x86_64-gcc8 0.10.0 28.00 219.00 247.00 WARN
r-patched-linux-x86_64 0.10.0 10.00 93.30 103.30 WARN
r-patched-solaris-x86 0.10.0 165.30 WARN
r-release-linux-x86_64 0.10.0 10.79 94.58 105.37 WARN
r-release-windows-ix86+x86_64 0.10.0 23.00 147.00 170.00 WARN
r-release-osx-x86_64 0.10.0 OK
r-oldrel-windows-ix86+x86_64 0.10.0 20.00 138.00 158.00 WARN
r-oldrel-osx-x86_64 0.10.0 OK

Additional issues

gcc10

Check Details

Version: 0.10.0
Check: S3 generic/method consistency
Result: WARN
    get.vertex.attribute:
     function(x, ...)
    get.vertex.attribute.active:
     function(x, prefix, onset, terminus, length, at, rule, na.omit,
     null.na, active.default, dynamic.only, require.active,
     return.tea, unlist)
    
    list.vertex.attributes:
     function(x, ...)
    list.vertex.attributes.active:
     function(x, onset, terminus, length, at, na.omit, rule, v,
     require.active, active.default, dynamic.only)
    
    See section 'Generic functions and methods' in the 'Writing R
    Extensions' manual.
    
    Found the following apparent S3 methods exported but not registered:
     get.vertex.attribute.active list.vertex.attributes.active
    See section 'Registering S3 methods' in the 'Writing R Extensions'
    manual.
Flavors: r-devel-linux-x86_64-debian-clang, r-devel-linux-x86_64-debian-gcc, r-devel-linux-x86_64-fedora-clang, r-devel-linux-x86_64-fedora-gcc, r-devel-windows-ix86+x86_64-gcc8, r-patched-linux-x86_64, r-patched-solaris-x86, r-release-linux-x86_64, r-release-windows-ix86+x86_64

Version: 0.10.0
Check: Rd \usage sections
Result: NOTE
    S3 methods shown with full name in documentation object 'attribute.activity.functions':
     'get.vertex.attribute.active' 'list.vertex.attributes.active'
    
    The \usage entries for S3 methods should use the \method markup and not
    their full name.
    See chapter 'Writing R documentation files' in the 'Writing R
    Extensions' manual.
Flavors: r-devel-linux-x86_64-debian-clang, r-devel-linux-x86_64-debian-gcc, r-devel-linux-x86_64-fedora-clang, r-devel-linux-x86_64-fedora-gcc, r-devel-windows-ix86+x86_64-gcc8, r-patched-linux-x86_64, r-patched-solaris-x86, r-release-linux-x86_64, r-release-windows-ix86+x86_64, r-oldrel-windows-ix86+x86_64

Version: 0.10.0
Check: S3 generic/method consistency
Result: WARN
    get.vertex.attribute:
     function(x, ...)
    get.vertex.attribute.active:
     function(x, prefix, onset, terminus, length, at, rule, na.omit,
     null.na, active.default, dynamic.only, require.active,
     return.tea, unlist)
    
    list.vertex.attributes:
     function(x, ...)
    list.vertex.attributes.active:
     function(x, onset, terminus, length, at, na.omit, rule, v,
     require.active, active.default, dynamic.only)
    
    See section 'Generic functions and methods' in the 'Writing R
    Extensions' manual.
Flavor: r-oldrel-windows-ix86+x86_64