Last updated on 2024-04-22 23:09:57 CEST.
Flavor | Version | Tinstall | Tcheck | Ttotal | Status | Flags |
---|---|---|---|---|---|---|
r-devel-linux-x86_64-debian-clang | 0.1-2 | 2717.84 | 366.29 | 3084.13 | NOTE | |
r-devel-linux-x86_64-debian-gcc | 0.1-2 | 2566.82 | 457.36 | 3024.18 | NOTE | |
r-devel-linux-x86_64-fedora-clang | 0.1-2 | 3686.30 | NOTE | |||
r-devel-linux-x86_64-fedora-gcc | 0.1-2 | 5445.05 | NOTE | |||
r-prerel-macos-arm64 | 0.1-2 | 886.00 | NOTE | |||
r-prerel-macos-x86_64 | 0.1-2 | 863.00 | NOTE | |||
r-prerel-windows-x86_64 | 0.1-2 | 2007.00 | 478.00 | 2485.00 | NOTE | |
r-patched-linux-x86_64 | 0.1-2 | 0.01 | 2.87 | 2.88 | ERROR | |
r-release-linux-x86_64 | 0.1-2 | 2211.71 | 596.98 | 2808.69 | NOTE | |
r-release-macos-arm64 | 0.1-2 | 876.00 | NOTE | |||
r-release-macos-x86_64 | 0.1-2 | 830.00 | NOTE | |||
r-release-windows-x86_64 | 0.1-2 | 2681.00 | 567.00 | 3248.00 | NOTE | |
r-oldrel-macos-arm64 | 0.1-2 | 802.00 | NOTE | |||
r-oldrel-windows-x86_64 | 0.1-2 | 2635.00 | 520.00 | 3155.00 | NOTE |
Version: 0.1-2
Check: for GNU extensions in Makefiles
Result: NOTE
GNU make is a SystemRequirements.
Flavors: r-devel-linux-x86_64-debian-clang, r-devel-linux-x86_64-debian-gcc, r-devel-linux-x86_64-fedora-clang, r-devel-linux-x86_64-fedora-gcc, r-prerel-macos-arm64, r-prerel-macos-x86_64, r-prerel-windows-x86_64, r-release-linux-x86_64, r-release-macos-arm64, r-release-macos-x86_64, r-release-windows-x86_64, r-oldrel-macos-arm64, r-oldrel-windows-x86_64
Version: 0.1-2
Check: installed package size
Result: NOTE
installed size is 20.4Mb
sub-directories of 1Mb or more:
libs 19.6Mb
Flavors: r-devel-linux-x86_64-fedora-clang, r-prerel-macos-arm64, r-prerel-macos-x86_64, r-prerel-windows-x86_64, r-release-macos-arm64, r-release-macos-x86_64, r-release-windows-x86_64, r-oldrel-macos-arm64, r-oldrel-windows-x86_64
Version: 0.1-2
Check: dependencies in R code
Result: NOTE
Namespaces in Imports field not imported from:
‘RcppParallel’ ‘rstantools’
All declared Imports should be used.
Flavors: r-devel-linux-x86_64-fedora-clang, r-devel-linux-x86_64-fedora-gcc
Version: 0.1-2
Check: whether package can be installed
Result: ERROR
Installation failed.
Flavor: r-patched-linux-x86_64