CRAN Package Check Results for Package networktools

Last updated on 2021-06-22 22:56:43 CEST.

Flavor Version Tinstall Tcheck Ttotal Status Flags
r-devel-linux-x86_64-debian-clang 1.2.3 16.87 134.38 151.25 OK
r-devel-linux-x86_64-debian-gcc 1.2.3 13.77 98.76 112.53 OK
r-devel-linux-x86_64-fedora-clang 1.2.3 187.32 OK
r-devel-linux-x86_64-fedora-gcc 1.2.3 175.89 OK
r-devel-windows-x86_64 1.2.3 26.00 159.00 185.00 OK
r-devel-windows-x86_64-gcc10-UCRT 1.2.3 ERROR
r-patched-linux-x86_64 1.2.3 18.71 124.91 143.62 OK
r-patched-solaris-x86 1.2.3 270.10 OK
r-release-linux-x86_64 1.2.3 15.16 124.80 139.96 OK
r-release-macos-arm64 1.2.3 OK
r-release-macos-x86_64 1.2.3 OK
r-release-windows-ix86+x86_64 1.2.3 29.00 115.00 144.00 OK
r-oldrel-macos-x86_64 1.2.3 OK

Check Details

Version: 1.2.3
Check: package dependencies
Result: ERROR
    Package required but not available: 'smacof'
    
    See section 'The DESCRIPTION file' in the 'Writing R Extensions'
    manual.
Flavor: r-devel-windows-x86_64-gcc10-UCRT