CRAN Package Check Results for Package neural

Last updated on 2021-06-18 22:54:35 CEST.

Flavor Version Tinstall Tcheck Ttotal Status Flags
r-devel-linux-x86_64-debian-clang 1.4.2.2 2.98 28.02 31.00 NOTE
r-devel-linux-x86_64-debian-gcc 1.4.2.2 2.52 21.72 24.24 NOTE
r-devel-linux-x86_64-fedora-clang 1.4.2.2 47.15 NOTE
r-devel-linux-x86_64-fedora-gcc 1.4.2.2 36.84 NOTE
r-devel-windows-x86_64 1.4.2.2 6.00 38.00 44.00 NOTE
r-devel-windows-x86_64-gcc10-UCRT 1.4.2.2 NOTE
r-patched-linux-x86_64 1.4.2.2 3.28 26.72 30.00 NOTE
r-patched-solaris-x86 1.4.2.2 52.70 NOTE
r-release-linux-x86_64 1.4.2.2 3.72 27.12 30.84 NOTE
r-release-macos-arm64 1.4.2.2 NOTE
r-release-macos-x86_64 1.4.2.2 NOTE
r-release-windows-ix86+x86_64 1.4.2.2 5.00 30.00 35.00 NOTE
r-oldrel-macos-x86_64 1.4.2.2 NOTE
r-oldrel-windows-ix86+x86_64 1.4.2.2 6.00 28.00 34.00 NOTE

Check Details

Version: 1.4.2.2
Check: DESCRIPTION meta-information
Result: NOTE
    Malformed Description field: should contain one or more complete sentences.
Flavors: r-devel-linux-x86_64-debian-clang, r-devel-linux-x86_64-debian-gcc, r-devel-linux-x86_64-fedora-clang, r-devel-linux-x86_64-fedora-gcc, r-devel-windows-x86_64, r-devel-windows-x86_64-gcc10-UCRT, r-patched-linux-x86_64, r-patched-solaris-x86, r-release-linux-x86_64, r-release-macos-arm64, r-release-macos-x86_64, r-release-windows-ix86+x86_64, r-oldrel-macos-x86_64, r-oldrel-windows-ix86+x86_64

Version: 1.4.2.2
Check: R code for possible problems
Result: NOTE
    mlptrain : rect: no visible global function definition for 'polygon'
    mlptrain : drawnet: no visible global function definition for 'title'
    mlptrain : drawnet: no visible global function definition for 'polygon'
    mlptrain : drawnet: no visible global function definition for 'text'
    mlptrain : drawnet: no visible global function definition for 'lines'
    mlptrain: no visible global function definition for 'runif'
    mlptrain: no visible global function definition for 'locator'
    mlptrain: no visible global function definition for 'polygon'
    mlptrain: no visible global function definition for 'text'
    rbftrain : rect: no visible global function definition for 'polygon'
    rbftrain : drawnet: no visible global function definition for 'title'
    rbftrain : drawnet: no visible global function definition for 'polygon'
    rbftrain : drawnet: no visible global function definition for 'text'
    rbftrain : drawnet: no visible global function definition for 'lines'
    rbftrain : graph: no visible global function definition for 'title'
    rbftrain : graph: no visible global function definition for 'polygon'
    rbftrain : graph: no visible global function definition for 'text'
    rbftrain : graph: no visible global function definition for 'lines'
    rbftrain : graph: no visible global function definition for 'points'
    rbftrain: no visible global function definition for 'runif'
    rbftrain: no visible global function definition for 'locator'
    rbftrain: no visible global function definition for 'polygon'
    rbftrain: no visible global function definition for 'text'
    rbftrain: no visible global function definition for 'kmeans'
    Undefined global functions or variables:
     kmeans lines locator points polygon runif text title
    Consider adding
     importFrom("graphics", "lines", "locator", "points", "polygon", "text",
     "title")
     importFrom("stats", "kmeans", "runif")
    to your NAMESPACE file.
Flavors: r-devel-linux-x86_64-debian-clang, r-devel-linux-x86_64-debian-gcc, r-devel-linux-x86_64-fedora-clang, r-devel-linux-x86_64-fedora-gcc, r-devel-windows-x86_64, r-devel-windows-x86_64-gcc10-UCRT, r-patched-linux-x86_64, r-patched-solaris-x86, r-release-linux-x86_64, r-release-macos-arm64, r-release-macos-x86_64, r-release-windows-ix86+x86_64, r-oldrel-macos-x86_64, r-oldrel-windows-ix86+x86_64