CRAN Package Check Results for Package nextGenShinyApps

Last updated on 2024-04-19 22:55:54 CEST.

Flavor Version Tinstall Tcheck Ttotal Status Flags
r-devel-linux-x86_64-debian-clang 2.0 4.31 48.70 53.01 OK
r-devel-linux-x86_64-debian-gcc 2.0 OK
r-devel-linux-x86_64-fedora-clang 2.0 69.29 NOTE
r-devel-linux-x86_64-fedora-gcc 2.0 77.60 NOTE
r-prerel-macos-arm64 2.0 40.00 OK
r-prerel-windows-x86_64 2.0 6.00 67.00 73.00 OK
r-patched-linux-x86_64 2.0 5.36 46.12 51.48 OK
r-release-linux-x86_64 2.0 4.00 45.74 49.74 OK
r-release-macos-arm64 2.0 35.00 OK
r-release-macos-x86_64 2.0 70.00 OK
r-release-windows-x86_64 2.0 8.00 70.00 78.00 OK
r-oldrel-macos-arm64 2.0 33.00 OK
r-oldrel-windows-x86_64 2.0 8.00 70.00 78.00 OK

Check Details

Version: 2.0
Check: dependencies in R code
Result: NOTE Namespaces in Imports field not imported from: ‘quickcode’ ‘utils’ All declared Imports should be used. Flavors: r-devel-linux-x86_64-fedora-clang, r-devel-linux-x86_64-fedora-gcc