CRAN Package Check Results for Package nfl4th

Last updated on 2021-06-11 22:54:16 CEST.

Flavor Version Tinstall Tcheck Ttotal Status Flags
r-devel-linux-x86_64-debian-clang 1.0.0 15.79 134.03 149.82 NOTE
r-devel-linux-x86_64-debian-gcc 1.0.0 13.36 98.50 111.86 NOTE
r-devel-linux-x86_64-fedora-clang 1.0.0 181.99 NOTE
r-devel-linux-x86_64-fedora-gcc 1.0.0 172.90 NOTE
r-devel-windows-x86_64 1.0.0 29.00 166.00 195.00 NOTE
r-devel-windows-x86_64-gcc10-UCRT 1.0.0 ERROR
r-patched-linux-x86_64 1.0.0 14.98 123.16 138.14 NOTE
r-patched-solaris-x86 1.0.0 245.30 NOTE
r-release-linux-x86_64 1.0.0 16.18 123.52 139.70 NOTE
r-release-macos-arm64 1.0.0 NOTE
r-release-macos-x86_64 1.0.0 NOTE
r-release-windows-ix86+x86_64 1.0.0 39.00 159.00 198.00 NOTE
r-oldrel-macos-x86_64 1.0.0 OK
r-oldrel-windows-ix86+x86_64 1.0.0 40.00 157.00 197.00 OK

Check Details

Version: 1.0.0
Check: LazyData
Result: NOTE
     'LazyData' is specified without a 'data' directory
Flavors: r-devel-linux-x86_64-debian-clang, r-devel-linux-x86_64-debian-gcc, r-devel-linux-x86_64-fedora-clang, r-devel-linux-x86_64-fedora-gcc, r-devel-windows-x86_64, r-patched-linux-x86_64, r-patched-solaris-x86, r-release-linux-x86_64, r-release-macos-arm64, r-release-macos-x86_64, r-release-windows-ix86+x86_64

Version: 1.0.0
Check: whether package can be installed
Result: ERROR
    Installation failed.
Flavor: r-devel-windows-x86_64-gcc10-UCRT