CRAN Package Check Results for Package nhdplusTools

Last updated on 2024-02-26 23:03:46 CET.

Flavor Version Tinstall Tcheck Ttotal Status Flags
r-devel-linux-x86_64-debian-clang 1.0.0 0.81 2.11 2.92 ERROR
r-devel-linux-x86_64-debian-gcc 1.0.0 12.57 182.16 194.73 NOTE
r-devel-linux-x86_64-fedora-clang 1.0.0 301.96 NOTE
r-devel-linux-x86_64-fedora-gcc 1.0.0 326.12 NOTE
r-devel-windows-x86_64 1.0.0 14.00 185.00 199.00 OK
r-patched-linux-x86_64 1.0.0 12.62 230.79 243.41 OK
r-release-linux-x86_64 1.0.0 9.95 231.60 241.55 OK
r-release-macos-arm64 1.0.0 92.00 OK
r-release-macos-x86_64 1.0.0 204.00 OK
r-release-windows-x86_64 1.0.0 19.00 229.00 248.00 OK
r-oldrel-macos-arm64 1.0.0 119.00 OK
r-oldrel-windows-x86_64 1.0.0 21.00 221.00 242.00 OK

Additional issues

donttest

Check Details

Version: 1.0.0
Check: package dependencies
Result: ERROR Package required but not available: ‘arrow’ See section ‘The DESCRIPTION file’ in the ‘Writing R Extensions’ manual. Flavor: r-devel-linux-x86_64-debian-clang

Version: 1.0.0
Check: Rd files
Result: NOTE checkRd: (-1) get_huc.Rd:25: Lost braces 25 | See /link{download_nhdplusv2} for documentation of that dataset.} | ^ checkRd: (-1) get_huc12.Rd:15: Lost braces 15 | See /link{download_nhdplusv2} for documentation of that dataset.} | ^ Flavors: r-devel-linux-x86_64-debian-gcc, r-devel-linux-x86_64-fedora-clang, r-devel-linux-x86_64-fedora-gcc